Last updated on 2023-01-29 00:53:32 CET.
Flavor | Version | Tinstall | Tcheck | Ttotal | Status | Flags |
---|---|---|---|---|---|---|
r-devel-linux-x86_64-debian-clang | 1.0.1 | 4.64 | 30.25 | 34.89 | OK | |
r-devel-linux-x86_64-debian-gcc | 1.0.1 | 3.67 | 24.18 | 27.85 | OK | |
r-devel-linux-x86_64-fedora-clang | 1.0.1 | 50.11 | NOTE | |||
r-devel-linux-x86_64-fedora-gcc | 1.0.1 | 45.50 | NOTE | |||
r-devel-windows-x86_64 | 1.0.1 | 8.00 | 59.00 | 67.00 | OK | |
r-patched-linux-x86_64 | 1.0.1 | 3.83 | 30.72 | 34.55 | OK | |
r-release-linux-x86_64 | 1.0.1 | 3.98 | 31.31 | 35.29 | OK | |
r-release-macos-arm64 | 1.0.1 | 20.00 | NOTE | |||
r-release-macos-x86_64 | 1.0.1 | 26.00 | NOTE | |||
r-release-windows-x86_64 | 1.0.1 | 18.00 | 60.00 | 78.00 | OK | |
r-oldrel-macos-arm64 | 1.0.1 | 21.00 | NOTE | |||
r-oldrel-macos-x86_64 | 1.0.1 | 31.00 | NOTE | |||
r-oldrel-windows-ix86+x86_64 | 1.0.1 | 12.00 | 56.00 | 68.00 | OK |
Version: 1.0.1
Check: dependencies in R code
Result: NOTE
Namespaces in Imports field not imported from:
‘NatureSounds’ ‘av’ ‘magrittr’ ‘stats’
All declared Imports should be used.
Flavors: r-devel-linux-x86_64-fedora-clang, r-devel-linux-x86_64-fedora-gcc, r-release-macos-arm64, r-release-macos-x86_64, r-oldrel-macos-arm64, r-oldrel-macos-x86_64
Version: 1.0.1
Check: Rd cross-references
Result: NOTE
Undeclared package ‘warbleR’ in Rd xrefs
Flavor: r-devel-linux-x86_64-fedora-clang