CRAN Package Check Results for Package dynr

Last updated on 2020-05-29 01:50:08 CEST.

Flavor Version Tinstall Tcheck Ttotal Status Flags
r-devel-linux-x86_64-debian-clang 0.1.15-25 34.96 216.62 251.58 OK
r-devel-linux-x86_64-debian-gcc 0.1.15-25 26.85 167.37 194.22 OK
r-devel-linux-x86_64-fedora-clang 0.1.15-25 323.29 NOTE
r-devel-linux-x86_64-fedora-gcc 0.1.15-25 299.30 NOTE
r-devel-windows-ix86+x86_64 0.1.15-25 99.00 324.00 423.00 WARN
r-patched-linux-x86_64 0.1.15-25 28.18 212.96 241.14 OK
r-patched-solaris-x86 0.1.15-25 423.70 NOTE
r-release-linux-x86_64 0.1.15-25 27.86 214.31 242.17 OK
r-release-osx-x86_64 0.1.15-25 NOTE
r-release-windows-ix86+x86_64 0.1.15-25 75.00 324.00 399.00 WARN
r-oldrel-osx-x86_64 0.1.15-25 NOTE
r-oldrel-windows-ix86+x86_64 0.1.15-25 72.00 231.00 303.00 NOTE

Check Details

Version: 0.1.15-25
Check: installed package size
Result: NOTE
     installed size is 5.6Mb
     sub-directories of 1Mb or more:
     data 2.5Mb
     doc 1.5Mb
Flavors: r-devel-linux-x86_64-fedora-clang, r-devel-windows-ix86+x86_64, r-patched-solaris-x86, r-release-osx-x86_64, r-release-windows-ix86+x86_64, r-oldrel-osx-x86_64, r-oldrel-windows-ix86+x86_64

Version: 0.1.15-25
Check: dependencies in R code
Result: NOTE
    Namespace in Imports field not imported from: ‘Rdpack’
     All declared Imports should be used.
Flavors: r-devel-linux-x86_64-fedora-clang, r-devel-linux-x86_64-fedora-gcc, r-patched-solaris-x86, r-release-osx-x86_64, r-oldrel-osx-x86_64

Version: 0.1.15-25
Check: re-building of vignette outputs
Result: WARN
    Error(s) in re-building vignettes:
    --- re-building 'linearSDE.Rmd' using rmarkdown
    make[1]: Entering directory '/d/RCompile/CRANpkg/local/4.1/dynr.Rcheck/vign_test/dynr/vignettes'
    d:/Compiler/rtools40/mingw64/bin/gcc -I"D:/RCompile/recent/R/include" -DNDEBUG -I"/include" -I"d:/Compiler/gcc-4.9.3/local330/include" -pedantic -O2 -Wall -std=gnu99 -mfpmath=sse -msse2 -mstackrealign -c LinearSDE.c -o LinearSDE.o
    d:/Compiler/rtools40/mingw64/bin/gcc -shared -s -static-libgcc -o LinearSDE.dll tmp.def LinearSDE.o -Ld:/Compiler/gcc-4.9.3/local330/lib/x64 -Ld:/Compiler/gcc-4.9.3/local330/lib -LD:/RCompile/recent/R/bin/x64 -lR
    make[1]: Leaving directory '/d/RCompile/CRANpkg/local/4.1/dynr.Rcheck/vign_test/dynr/vignettes'
    make[1]: Entering directory '/d/RCompile/CRANpkg/local/4.1/dynr.Rcheck/vign_test/dynr/vignettes'
    make[1]: Leaving directory '/d/RCompile/CRANpkg/local/4.1/dynr.Rcheck/vign_test/dynr/vignettes'
    Quitting from lines 133-134 (linearSDE.Rmd)
    Error: processing vignette 'linearSDE.Rmd' failed with diagnostics:
    Compilation ERROR, function(s)/method(s) not created! D:/Compiler/rtools40/mingw64/bin/../lib/gcc/x86_64-w64-mingw32/8.3.0/../../../../x86_64-w64-mingw32/bin/ld.exe: LinearSDE.o:LinearSDE.c:(.text+0x57): undefined reference to `gsl_vector_get'
    D:/Compiler/rtools40/mingw64/bin/../lib/gcc/x86_64-w64-mingw32/8.3.0/../../../../x86_64-w64-mingw32/bin/ld.exe: LinearSDE.o:LinearSDE.c:(.text+0x6f): undefined reference to `gsl_vector_set'
    D:/Compiler/rtools40/mingw64/bin/../lib/gcc/x86_64-w64-mingw32/8.3.0/../../../../x86_64-w64-mingw32/bin/ld.exe: LinearSDE.o:LinearSDE.c:(.text+0x9b): undefined reference to `gsl_vector_get'
    D:/Compiler/rtools40/mingw64/bin/../lib/gcc/x86_64-w64-mingw32/8.3.0/../../../../x86_64-w64-mingw32/bin/ld.exe: LinearSDE.o:LinearSDE.c:(.text+0x101): undefined reference to `gsl_matrix_calloc'
    D:/Compiler/rtools40/mingw64/bin/../lib/gcc/x86_64-w64-mingw32/8.3.0/../../../../x86_64-w64-mingw32/bin/ld.exe: LinearSDE.o:LinearSDE.c:(.text+0x118): undefined reference to `gsl_matrix_set'
    D:/Compiler/rtools40/mingw64/bin/../lib/gcc/x86_64-w64-mingw32/8.3.0/../../../../x86_64-w64-mingw32/bin/ld.exe: LinearSDE.o:LinearSDE.c:(.text+0x130): undefined reference to `gsl_matrix_set'
    D:/Compiler/rtools40/mingw64/bin/../lib/gcc/x86_64-w64-mingw32/8.3.0/../../../../x86_64-w64-mingw32/bin/ld.exe: LinearSDE.o:LinearSDE.c:(.text+0x148): undefined reference to `gsl_matrix_set'
    D:/Compiler/rtools40/mingw64/bin/../lib/gcc/x86_64-w64-mingw32/8.3.0/../../../../x86_64-w64-mingw32/bin/ld.exe: LinearSDE.o:LinearSDE.c:(.text+0x16e): undefined reference to `gsl_blas_dgemv'
    D:/Compiler/rtools40/mingw64/bin/../lib/gcc/x86_64-w64-mingw32/8.3.0/../../../../x86_64-w64-mingw32/bin/ld.exe: LinearSDE.o:LinearSDE.c:(.text+0x1af): undefined reference to `gsl_matrix_set'
    D:/Compiler/rtools40/mingw64/bin/../lib/gcc/x86_64-w64-mingw32/8.3.0/../../../../x86_64-w64-mingw32/bin/ld.exe: LinearSDE.o:LinearSDE.c:(.text+0x1c7): undefined reference to `gsl_matrix_set'
    D:/Compiler/rtools40/mingw64/bin/../lib/gcc/x86_64-w64-mingw32/8.3.0/../../../../x86_64-w64-mingw32/bin/ld.exe: LinearSDE.o:LinearSDE.c:(.text+0x215): undefined reference to `gsl_matrix_set'
    D:/Compiler/rtools40/mingw64/bin/../lib/gcc/x86_64-w64-mingw32/8.3.0/../../../../x86_64-w64-mingw32/bin/ld.exe: LinearSDE.o:LinearSDE.c:(.text+0x273): undefined reference to `gsl_matrix_set'
    D:/Compiler/rtools40/mingw64/bin/../lib/gcc/x86_64-w64-mingw32/8.3.0/../../../../x86_64-w64-mingw32/bin/ld.exe: LinearSDE.o:LinearSDE.c:(.text+0x28b): undefined reference to `gsl_matrix_set'
    D:/Compiler/rtools40/mingw64/bin/../lib/gcc/x86_64-w64-mingw32/8.3.0/../../../../x86_64-w64-mingw32/bin/ld.exe: LinearSDE.o:LinearSDE.c:(.text+0x2e1): undefined reference to `gsl_vector_calloc'
    D:/Compiler/rtools40/mingw64/bin/../lib/gcc/x86_64-w64-mingw32/8.3.0/../../../../x86_64-w64-mingw32/bin/ld.exe: LinearSDE.o:LinearSDE.c:(.text+0x2f3): undefined reference to `gsl_vector_calloc'
    D:/Compiler/rtools40/mingw64/bin/../lib/gcc/x86_64-w64-mingw32/8.3.0/../../../../x86_64-w64-mingw32/bin/ld.exe: LinearSDE.o:LinearSDE.c:(.text+0x305): undefined reference to `gsl_vector_calloc'
    D:/Compiler/rtools40/mingw64/bin/../lib/gcc/x86_64-w64-mingw32/8.3.0/../../../../x86_64-w64-mingw32/bin/ld.exe: LinearSDE.o:LinearSDE.c:(.text+0x317): undefined reference to `gsl_vector_calloc'
    D:/Compiler/rtools40/mingw64/bin/../lib/gcc/x86_64-w64-mingw32/8.3.0/../../../../x86_64-w64-mingw32/bin/ld.exe: LinearSDE.o:LinearSDE.c:(.text+0x335): undefined reference to `gsl_vector_set'
    D:/Compiler/rtools40/mingw64/bin/../lib/gcc/x86_64-w64-mingw32/8.3.0/../../../../x86_64-w64-mingw32/bin/ld.exe: LinearSDE.o:LinearSDE.c:(.text+0x340): undefined reference to `gsl_vector_add'
    D:/Compiler/rtools40/mingw64/bin/../lib/gcc/x86_64-w64-mingw32/8.3.0/../../../../x86_64-w64-mingw32/bin/ld.exe: LinearSDE.o:LinearSDE.c:(.text+0x34b): undefined reference to `gsl_vector_add'
    D:/Compiler/rtools40/mingw64/bin/../lib/gcc/x86_64-w64-mingw32/8.3.0/../../../../x86_64-w64-mingw32/bin/ld.exe: LinearSDE.o:LinearSDE.c:(.text+0x356): undefined reference to `gsl_vector_add'
    D:/Compiler/rtools40/mingw64/bin/../lib/gcc/x86_64-w64-mingw32/8.3.0/../../../../x86_64-w64-mingw32/bin/ld.exe: LinearSDE.o:LinearSDE.c:(.text+0x361): undefined reference to `gsl_vector_add'
    D:/Compiler/rtools40/mingw64/bin/../lib/gcc/x86_64-w64-mingw32/8.3.0/../../../../x86_64-w64-mingw32/bin/ld.exe: LinearSDE.o:LinearSDE.c:(.text+0x36b): undefined reference to `gsl_vector_calloc'
    D:/Compiler/rtools40/mingw64/bin/../lib/gcc/x86_64-w64-mingw32/8.3.0/../../../../x86_64-w64-mingw32/bin/ld.exe: LinearSDE.o:LinearSDE.c:(.text+0x3c0): undefined reference to `gsl_vector_set'
    D:/Compiler/rtools40/mingw64/bin/../lib/gcc/x86_64-w64-mingw32/8.3.0/../../../../x86_64-w64-mingw32/bin/ld.exe: LinearSDE.o:LinearSDE.c:(.text+0x3d1): undefined reference to `gsl_vector_set'
    D:/Compiler/rtools40/mingw64/bin/../lib/gcc/x86_64-w64-mingw32/8.3.0/../../../../x86_64-w64-mingw32/bin/ld.exe: LinearSDE.o:LinearSDE.c:(.text+0x3db): undefined reference to `gsl_vector_get'
    D:/Compiler/rtools40/mingw64/bin/../lib/gcc/x86_64-w64-mingw32/8.3.0/../../../../x86_64-w64-mingw32/bin/ld.exe: LinearSDE.o:LinearSDE.c:(.text+0x3ea): undefined reference to `gsl_vector_set'
    D:/Compiler/rtools40/mingw64/bin/../lib/gcc/x86_64-w64-mingw32/8.3.0/../../../../x86_64-w64-mingw32/bin/ld.exe: LinearSDE.o:LinearSDE.c:(.text+0x3f7): undefined reference to `gsl_vector_get'
    D:/Compiler/rtools40/mingw64/bin/../lib/gcc/x86_64-w64-mingw32/8.3.0/../../../../x86_64-w64-mingw32/bin/ld.exe: LinearSDE.o:LinearSDE.c:(.text+0x40a): undefined reference to `gsl_vector_set'
    D:/Compiler/rtools40/mingw64/bin/../lib/gcc/x86_64-w64-mingw32/8.3.0/../../../../x86_64-w64-mingw32/bin/ld.exe: LinearSDE.o:LinearSDE.c:(.text+0x412): undefined reference to `gsl_vector_set_zero'
    D:/Compiler/rtools40/mingw64/bin/../lib/gcc/x86_64-w64-mingw32/8.3.0/../../../../x86_64-w64-mingw32/bin/ld.exe: LinearSDE.o:LinearSDE.c:(.text+0x45d): undefined reference to `gsl_vector_free'
    D:/Compiler/rtools40/mingw64/bin/../lib/gcc/x86_64-w64-mingw32/8.3.0/../../../../x86_64-w64-mingw32/bin/ld.exe: LinearSDE.o:LinearSDE.c:(.text+0x467): undefined reference to `gsl_vector_free'
    D:/Compiler/rtools40/mingw64/bin/../lib/gcc/x86_64-w64-mingw32/8.3.0/../../../../x86_64-w64-mingw32/bin/ld.exe: LinearSDE.o:LinearSDE.c:(.text+0x471): undefined reference to `gsl_vector_free'
    D:/Compiler/rtools40/mingw64/bin/../lib/gcc/x86_64-w64-mingw32/8.3.0/../../../../x86_64-w64-mingw32/bin/ld.exe: LinearSDE.o:LinearSDE.c:(.text+0x47b): undefined reference to `gsl_vector_free'
    D:/Compiler/rtools40/mingw64/bin/../lib/gcc/x86_64-w64-mingw32/8.3.0/../../../../x86_64-w64-mingw32/bin/ld.exe: LinearSDE.o:LinearSDE.c:(.text+0x4f2): undefined reference to `gsl_matrix_get'
    D:/Compiler/rtools40/mingw64/bin/../lib/gcc/x86_64-w64-mingw32/8.3.0/../../../../x86_64-w64-mingw32/bin/ld.exe: LinearSDE.o:LinearSDE.c:(.text+0x501): undefined reference to `gsl_vector_set'
    D:/Compiler/rtools40/mingw64/bin/../lib/gcc/x86_64-w64-mingw32/8.3.0/../../../../x86_64-w64-mingw32/bin/ld.exe: LinearSDE.o:LinearSDE.c:(.text+0x51b): undefined reference to `gsl_matrix_get'
    D:/Compiler/rtools40/mingw64/bin/../lib/gcc/x86_64-w64-mingw32/8.3.0/../../../../x86_64-w64-mingw32/bin/ld.exe: LinearSDE.o:LinearSDE.c:(.text+0x530): undefined reference to `gsl_vector_set'
    D:/Compiler/rtools40/mingw64/bin/../lib/gcc/x86_64-w64-mingw32/8.3.0/../../../../x86_64-w64-mingw32/bin/ld.exe: LinearSDE.o:LinearSDE.c:(.text+0x59b): undefined reference to `gsl_vector_get'
    D:/Compiler/rtools40/mingw64/bin/../lib/gcc/x86_64-w64-mingw32/8.3.0/../../../../x86_64-w64-mingw32/bin/ld.exe: LinearSDE.o:LinearSDE.c:(.text+0x5ad): undefined reference to `gsl_matrix_set'
    D:/Compiler/rtools40/mingw64/bin/../lib/gcc/x86_64-w64-mingw32/8.3.0/../../../../x86_64-w64-mingw32/bin/ld.exe: LinearSDE.o:LinearSDE.c:(.text+0x5ce): undefined reference to `gsl_vector_get'
    D:/Compiler/rtools40/mingw64/bin/../lib/gcc/x86_64-w64-mingw32/8.3.0/../../../../x86_64-w64-mingw32/bin/ld.exe: LinearSDE.o:LinearSDE.c:(.text+0x5e0): undefined reference to `gsl_matrix_set'
    D:/Compiler/rtools40/mingw64/bin/../lib/gcc/x86_64-w64-mingw32/8.3.0/../../../../x86_64-w6
    --- failed re-building 'linearSDE.Rmd'
    
    --- re-building 'InstallationForDevelopers.Rnw' using Sweave
    --- finished re-building 'InstallationForDevelopers.Rnw'
    
    --- re-building 'InstallationForUsers.Rnw' using Sweave
    --- finished re-building 'InstallationForUsers.Rnw'
    
    --- re-building 'LinearDiscreteTimeModels.Rnw' using Sweave
    --- finished re-building 'LinearDiscreteTimeModels.Rnw'
    
    --- re-building 'NonlinearContinuousTimeModels.Rnw' using Sweave
    --- finished re-building 'NonlinearContinuousTimeModels.Rnw'
    
    SUMMARY: processing the following file failed:
     'linearSDE.Rmd'
    
    Error: Vignette re-building failed.
    Execution halted
Flavor: r-devel-windows-ix86+x86_64

Version: 0.1.15-25
Check: re-building of vignette outputs
Result: WARN
    Error(s) in re-building vignettes:
    --- re-building 'linearSDE.Rmd' using rmarkdown
    make[1]: Entering directory '/d/RCompile/CRANpkg/local/4.0/dynr.Rcheck/vign_test/dynr/vignettes'
    d:/Compiler/rtools40/mingw64/bin/gcc -I"D:/RCompile/recent/R-40~1.0/include" -DNDEBUG -I"/include" -I"d:/Compiler/gcc-4.9.3/local330/include" -pedantic -O2 -Wall -std=gnu99 -mfpmath=sse -msse2 -mstackrealign -c LinearSDE.c -o LinearSDE.o
    d:/Compiler/rtools40/mingw64/bin/gcc -shared -s -static-libgcc -o LinearSDE.dll tmp.def LinearSDE.o -Ld:/Compiler/gcc-4.9.3/local330/lib/x64 -Ld:/Compiler/gcc-4.9.3/local330/lib -LD:/RCompile/recent/R-40~1.0/bin/x64 -lR
    make[1]: Leaving directory '/d/RCompile/CRANpkg/local/4.0/dynr.Rcheck/vign_test/dynr/vignettes'
    make[1]: Entering directory '/d/RCompile/CRANpkg/local/4.0/dynr.Rcheck/vign_test/dynr/vignettes'
    make[1]: Leaving directory '/d/RCompile/CRANpkg/local/4.0/dynr.Rcheck/vign_test/dynr/vignettes'
    Quitting from lines 133-134 (linearSDE.Rmd)
    Error: processing vignette 'linearSDE.Rmd' failed with diagnostics:
    Compilation ERROR, function(s)/method(s) not created! D:/Compiler/rtools40/mingw64/bin/../lib/gcc/x86_64-w64-mingw32/8.3.0/../../../../x86_64-w64-mingw32/bin/ld.exe: LinearSDE.o:LinearSDE.c:(.text+0x57): undefined reference to `gsl_vector_get'
    D:/Compiler/rtools40/mingw64/bin/../lib/gcc/x86_64-w64-mingw32/8.3.0/../../../../x86_64-w64-mingw32/bin/ld.exe: LinearSDE.o:LinearSDE.c:(.text+0x6f): undefined reference to `gsl_vector_set'
    D:/Compiler/rtools40/mingw64/bin/../lib/gcc/x86_64-w64-mingw32/8.3.0/../../../../x86_64-w64-mingw32/bin/ld.exe: LinearSDE.o:LinearSDE.c:(.text+0x9b): undefined reference to `gsl_vector_get'
    D:/Compiler/rtools40/mingw64/bin/../lib/gcc/x86_64-w64-mingw32/8.3.0/../../../../x86_64-w64-mingw32/bin/ld.exe: LinearSDE.o:LinearSDE.c:(.text+0x101): undefined reference to `gsl_matrix_calloc'
    D:/Compiler/rtools40/mingw64/bin/../lib/gcc/x86_64-w64-mingw32/8.3.0/../../../../x86_64-w64-mingw32/bin/ld.exe: LinearSDE.o:LinearSDE.c:(.text+0x118): undefined reference to `gsl_matrix_set'
    D:/Compiler/rtools40/mingw64/bin/../lib/gcc/x86_64-w64-mingw32/8.3.0/../../../../x86_64-w64-mingw32/bin/ld.exe: LinearSDE.o:LinearSDE.c:(.text+0x130): undefined reference to `gsl_matrix_set'
    D:/Compiler/rtools40/mingw64/bin/../lib/gcc/x86_64-w64-mingw32/8.3.0/../../../../x86_64-w64-mingw32/bin/ld.exe: LinearSDE.o:LinearSDE.c:(.text+0x148): undefined reference to `gsl_matrix_set'
    D:/Compiler/rtools40/mingw64/bin/../lib/gcc/x86_64-w64-mingw32/8.3.0/../../../../x86_64-w64-mingw32/bin/ld.exe: LinearSDE.o:LinearSDE.c:(.text+0x16e): undefined reference to `gsl_blas_dgemv'
    D:/Compiler/rtools40/mingw64/bin/../lib/gcc/x86_64-w64-mingw32/8.3.0/../../../../x86_64-w64-mingw32/bin/ld.exe: LinearSDE.o:LinearSDE.c:(.text+0x1af): undefined reference to `gsl_matrix_set'
    D:/Compiler/rtools40/mingw64/bin/../lib/gcc/x86_64-w64-mingw32/8.3.0/../../../../x86_64-w64-mingw32/bin/ld.exe: LinearSDE.o:LinearSDE.c:(.text+0x1c7): undefined reference to `gsl_matrix_set'
    D:/Compiler/rtools40/mingw64/bin/../lib/gcc/x86_64-w64-mingw32/8.3.0/../../../../x86_64-w64-mingw32/bin/ld.exe: LinearSDE.o:LinearSDE.c:(.text+0x215): undefined reference to `gsl_matrix_set'
    D:/Compiler/rtools40/mingw64/bin/../lib/gcc/x86_64-w64-mingw32/8.3.0/../../../../x86_64-w64-mingw32/bin/ld.exe: LinearSDE.o:LinearSDE.c:(.text+0x273): undefined reference to `gsl_matrix_set'
    D:/Compiler/rtools40/mingw64/bin/../lib/gcc/x86_64-w64-mingw32/8.3.0/../../../../x86_64-w64-mingw32/bin/ld.exe: LinearSDE.o:LinearSDE.c:(.text+0x28b): undefined reference to `gsl_matrix_set'
    D:/Compiler/rtools40/mingw64/bin/../lib/gcc/x86_64-w64-mingw32/8.3.0/../../../../x86_64-w64-mingw32/bin/ld.exe: LinearSDE.o:LinearSDE.c:(.text+0x2e1): undefined reference to `gsl_vector_calloc'
    D:/Compiler/rtools40/mingw64/bin/../lib/gcc/x86_64-w64-mingw32/8.3.0/../../../../x86_64-w64-mingw32/bin/ld.exe: LinearSDE.o:LinearSDE.c:(.text+0x2f3): undefined reference to `gsl_vector_calloc'
    D:/Compiler/rtools40/mingw64/bin/../lib/gcc/x86_64-w64-mingw32/8.3.0/../../../../x86_64-w64-mingw32/bin/ld.exe: LinearSDE.o:LinearSDE.c:(.text+0x305): undefined reference to `gsl_vector_calloc'
    D:/Compiler/rtools40/mingw64/bin/../lib/gcc/x86_64-w64-mingw32/8.3.0/../../../../x86_64-w64-mingw32/bin/ld.exe: LinearSDE.o:LinearSDE.c:(.text+0x317): undefined reference to `gsl_vector_calloc'
    D:/Compiler/rtools40/mingw64/bin/../lib/gcc/x86_64-w64-mingw32/8.3.0/../../../../x86_64-w64-mingw32/bin/ld.exe: LinearSDE.o:LinearSDE.c:(.text+0x335): undefined reference to `gsl_vector_set'
    D:/Compiler/rtools40/mingw64/bin/../lib/gcc/x86_64-w64-mingw32/8.3.0/../../../../x86_64-w64-mingw32/bin/ld.exe: LinearSDE.o:LinearSDE.c:(.text+0x340): undefined reference to `gsl_vector_add'
    D:/Compiler/rtools40/mingw64/bin/../lib/gcc/x86_64-w64-mingw32/8.3.0/../../../../x86_64-w64-mingw32/bin/ld.exe: LinearSDE.o:LinearSDE.c:(.text+0x34b): undefined reference to `gsl_vector_add'
    D:/Compiler/rtools40/mingw64/bin/../lib/gcc/x86_64-w64-mingw32/8.3.0/../../../../x86_64-w64-mingw32/bin/ld.exe: LinearSDE.o:LinearSDE.c:(.text+0x356): undefined reference to `gsl_vector_add'
    D:/Compiler/rtools40/mingw64/bin/../lib/gcc/x86_64-w64-mingw32/8.3.0/../../../../x86_64-w64-mingw32/bin/ld.exe: LinearSDE.o:LinearSDE.c:(.text+0x361): undefined reference to `gsl_vector_add'
    D:/Compiler/rtools40/mingw64/bin/../lib/gcc/x86_64-w64-mingw32/8.3.0/../../../../x86_64-w64-mingw32/bin/ld.exe: LinearSDE.o:LinearSDE.c:(.text+0x36b): undefined reference to `gsl_vector_calloc'
    D:/Compiler/rtools40/mingw64/bin/../lib/gcc/x86_64-w64-mingw32/8.3.0/../../../../x86_64-w64-mingw32/bin/ld.exe: LinearSDE.o:LinearSDE.c:(.text+0x3c0): undefined reference to `gsl_vector_set'
    D:/Compiler/rtools40/mingw64/bin/../lib/gcc/x86_64-w64-mingw32/8.3.0/../../../../x86_64-w64-mingw32/bin/ld.exe: LinearSDE.o:LinearSDE.c:(.text+0x3d1): undefined reference to `gsl_vector_set'
    D:/Compiler/rtools40/mingw64/bin/../lib/gcc/x86_64-w64-mingw32/8.3.0/../../../../x86_64-w64-mingw32/bin/ld.exe: LinearSDE.o:LinearSDE.c:(.text+0x3db): undefined reference to `gsl_vector_get'
    D:/Compiler/rtools40/mingw64/bin/../lib/gcc/x86_64-w64-mingw32/8.3.0/../../../../x86_64-w64-mingw32/bin/ld.exe: LinearSDE.o:LinearSDE.c:(.text+0x3ea): undefined reference to `gsl_vector_set'
    D:/Compiler/rtools40/mingw64/bin/../lib/gcc/x86_64-w64-mingw32/8.3.0/../../../../x86_64-w64-mingw32/bin/ld.exe: LinearSDE.o:LinearSDE.c:(.text+0x3f7): undefined reference to `gsl_vector_get'
    D:/Compiler/rtools40/mingw64/bin/../lib/gcc/x86_64-w64-mingw32/8.3.0/../../../../x86_64-w64-mingw32/bin/ld.exe: LinearSDE.o:LinearSDE.c:(.text+0x40a): undefined reference to `gsl_vector_set'
    D:/Compiler/rtools40/mingw64/bin/../lib/gcc/x86_64-w64-mingw32/8.3.0/../../../../x86_64-w64-mingw32/bin/ld.exe: LinearSDE.o:LinearSDE.c:(.text+0x412): undefined reference to `gsl_vector_set_zero'
    D:/Compiler/rtools40/mingw64/bin/../lib/gcc/x86_64-w64-mingw32/8.3.0/../../../../x86_64-w64-mingw32/bin/ld.exe: LinearSDE.o:LinearSDE.c:(.text+0x45d): undefined reference to `gsl_vector_free'
    D:/Compiler/rtools40/mingw64/bin/../lib/gcc/x86_64-w64-mingw32/8.3.0/../../../../x86_64-w64-mingw32/bin/ld.exe: LinearSDE.o:LinearSDE.c:(.text+0x467): undefined reference to `gsl_vector_free'
    D:/Compiler/rtools40/mingw64/bin/../lib/gcc/x86_64-w64-mingw32/8.3.0/../../../../x86_64-w64-mingw32/bin/ld.exe: LinearSDE.o:LinearSDE.c:(.text+0x471): undefined reference to `gsl_vector_free'
    D:/Compiler/rtools40/mingw64/bin/../lib/gcc/x86_64-w64-mingw32/8.3.0/../../../../x86_64-w64-mingw32/bin/ld.exe: LinearSDE.o:LinearSDE.c:(.text+0x47b): undefined reference to `gsl_vector_free'
    D:/Compiler/rtools40/mingw64/bin/../lib/gcc/x86_64-w64-mingw32/8.3.0/../../../../x86_64-w64-mingw32/bin/ld.exe: LinearSDE.o:LinearSDE.c:(.text+0x4f2): undefined reference to `gsl_matrix_get'
    D:/Compiler/rtools40/mingw64/bin/../lib/gcc/x86_64-w64-mingw32/8.3.0/../../../../x86_64-w64-mingw32/bin/ld.exe: LinearSDE.o:LinearSDE.c:(.text+0x501): undefined reference to `gsl_vector_set'
    D:/Compiler/rtools40/mingw64/bin/../lib/gcc/x86_64-w64-mingw32/8.3.0/../../../../x86_64-w64-mingw32/bin/ld.exe: LinearSDE.o:LinearSDE.c:(.text+0x51b): undefined reference to `gsl_matrix_get'
    D:/Compiler/rtools40/mingw64/bin/../lib/gcc/x86_64-w64-mingw32/8.3.0/../../../../x86_64-w64-mingw32/bin/ld.exe: LinearSDE.o:LinearSDE.c:(.text+0x530): undefined reference to `gsl_vector_set'
    D:/Compiler/rtools40/mingw64/bin/../lib/gcc/x86_64-w64-mingw32/8.3.0/../../../../x86_64-w64-mingw32/bin/ld.exe: LinearSDE.o:LinearSDE.c:(.text+0x59b): undefined reference to `gsl_vector_get'
    D:/Compiler/rtools40/mingw64/bin/../lib/gcc/x86_64-w64-mingw32/8.3.0/../../../../x86_64-w64-mingw32/bin/ld.exe: LinearSDE.o:LinearSDE.c:(.text+0x5ad): undefined reference to `gsl_matrix_set'
    D:/Compiler/rtools40/mingw64/bin/../lib/gcc/x86_64-w64-mingw32/8.3.0/../../../../x86_64-w64-mingw32/bin/ld.exe: LinearSDE.o:LinearSDE.c:(.text+0x5ce): undefined reference to `gsl_vector_get'
    D:/Compiler/rtools40/mingw64/bin/../lib/gcc/x86_64-w64-mingw32/8.3.0/../../../../x86_64-w64-mingw32/bin/ld.exe: LinearSDE.o:LinearSDE.c:(.text+0x5e0): undefined reference to `gsl_matrix_set'
    D:/Compiler/rtools40/mingw64/bin/../lib/gcc/x86_64-w64-mingw32/8.3.0/../../../../x86_64-w6
    --- failed re-building 'linearSDE.Rmd'
    
    --- re-building 'InstallationForDevelopers.Rnw' using Sweave
    --- finished re-building 'InstallationForDevelopers.Rnw'
    
    --- re-building 'InstallationForUsers.Rnw' using Sweave
    --- finished re-building 'InstallationForUsers.Rnw'
    
    --- re-building 'LinearDiscreteTimeModels.Rnw' using Sweave
    --- finished re-building 'LinearDiscreteTimeModels.Rnw'
    
    --- re-building 'NonlinearContinuousTimeModels.Rnw' using Sweave
    --- finished re-building 'NonlinearContinuousTimeModels.Rnw'
    
    SUMMARY: processing the following file failed:
     'linearSDE.Rmd'
    
    Error: Vignette re-building failed.
    Execution halted
Flavor: r-release-windows-ix86+x86_64