CRAN Package Check Results for Package dynsurv

Last updated on 2021-09-22 01:48:38 CEST.

Flavor Version Tinstall Tcheck Ttotal Status Flags
r-devel-linux-x86_64-debian-clang 0.4-2 44.55 94.73 139.28 OK
r-devel-linux-x86_64-debian-gcc 0.4-2 30.40 70.48 100.88 OK
r-devel-linux-x86_64-fedora-clang 0.4-2 195.00 OK
r-devel-linux-x86_64-fedora-gcc 0.4-2 158.64 OK
r-devel-windows-x86_64 0.4-2 31.00 96.00 127.00 OK
r-devel-windows-x86_64-gcc10-UCRT 0.4-2 ERROR
r-patched-linux-x86_64 0.4-2 32.48 87.52 120.00 OK
r-patched-solaris-x86 0.4-2 221.00 OK
r-release-linux-x86_64 0.4-2 32.58 86.90 119.48 OK
r-release-macos-arm64 0.4-2 NOTE
r-release-macos-x86_64 0.4-2 NOTE
r-release-windows-ix86+x86_64 0.4-2 76.00 129.00 205.00 OK
r-oldrel-macos-x86_64 0.4-2 NOTE
r-oldrel-windows-ix86+x86_64 0.4-2 78.00 124.00 202.00 OK

Check Details

Version: 0.4-2
Check: whether package can be installed
Result: ERROR
    Installation failed.
Flavor: r-devel-windows-x86_64-gcc10-UCRT

Version: 0.4-2
Check: installed package size
Result: NOTE
     installed size is 7.1Mb
     sub-directories of 1Mb or more:
     libs 6.9Mb
Flavors: r-release-macos-arm64, r-release-macos-x86_64, r-oldrel-macos-x86_64