CRAN Package Check Results for Package dynwrap

Last updated on 2020-08-11 01:54:33 CEST.

Flavor Version Tinstall Tcheck Ttotal Status Flags
r-devel-linux-x86_64-debian-clang 1.2.1 14.99 422.14 437.13 OK
r-devel-linux-x86_64-debian-gcc 1.2.1 12.22 309.61 321.83 OK
r-devel-linux-x86_64-fedora-clang 1.2.1 485.46 OK
r-devel-linux-x86_64-fedora-gcc 1.2.1 484.75 OK
r-devel-windows-ix86+x86_64 1.2.1 30.00 530.00 560.00 OK
r-patched-linux-x86_64 1.2.1 13.25 397.93 411.18 OK
r-patched-solaris-x86 1.2.1 684.60 OK
r-release-linux-x86_64 1.2.1 14.70 401.87 416.57 OK
r-release-macos-x86_64 1.2.1 OK
r-release-windows-ix86+x86_64 1.2.1 39.00 525.00 564.00 OK
r-oldrel-macos-x86_64 1.2.1 ERROR
r-oldrel-windows-ix86+x86_64 1.2.1 22.00 372.00 394.00 OK

Check Details

Version: 1.2.1
Check: package dependencies
Result: NOTE
    Package suggested but not available for checking: ‘dyndimred’
Flavor: r-oldrel-macos-x86_64

Version: 1.2.1
Check: Rd cross-references
Result: NOTE
    Package unavailable to check Rd xrefs: ‘dyndimred’
Flavor: r-oldrel-macos-x86_64

Version: 1.2.1
Check: tests
Result: ERROR
     Running ‘testthat.R’ [151s/149s]
    Running the tests in ‘tests/testthat.R’ failed.
    Last 13 lines of output:
     3. base::getExportedValue(pkg, name)
     4. base::asNamespace(ns)
     5. base::getNamespace(ns)
     6. base::loadNamespace(name)
     7. base::withRestarts(stop(cond), retry_loadNamespace = function() NULL)
     8. base:::withOneRestart(expr, restarts[[1L]])
     9. base:::doWithOneRestart(return(expr), restart)
    
     ══ testthat results ═══════════════════════════════════════════════════════════
     [ OK: 1408 | SKIPPED: 1 | WARNINGS: 1 | FAILED: 2 ]
     1. Error: Testing add_dimred including calculation of dimred (@test-wrap_add_dimred.R#110)
     2. Error: Test get_dimred (@test-wrap_add_dimred.R#278)
    
     Error: testthat unit tests failed
     Execution halted
Flavor: r-oldrel-macos-x86_64