Last updated on 2022-07-02 01:48:54 CEST.
Flavor | Version | Tinstall | Tcheck | Ttotal | Status | Flags |
---|---|---|---|---|---|---|
r-devel-linux-x86_64-debian-clang | 0.1.0 | 3.25 | 31.26 | 34.51 | OK | |
r-devel-linux-x86_64-debian-gcc | 0.1.0 | 2.47 | 24.96 | 27.43 | OK | |
r-devel-linux-x86_64-fedora-clang | 0.1.0 | 53.37 | NOTE | |||
r-devel-linux-x86_64-fedora-gcc | 0.1.0 | 53.40 | NOTE | |||
r-devel-windows-x86_64 | 0.1.0 | 15.00 | 65.00 | 80.00 | OK | |
r-patched-linux-x86_64 | 0.1.0 | 3.45 | 31.15 | 34.60 | OK | |
r-release-linux-x86_64 | 0.1.0 | 3.24 | 31.10 | 34.34 | OK | |
r-release-macos-arm64 | 0.1.0 | 24.00 | NOTE | |||
r-release-macos-x86_64 | 0.1.0 | 30.00 | NOTE | |||
r-release-windows-x86_64 | 0.1.0 | 19.00 | 65.00 | 84.00 | OK | |
r-oldrel-macos-arm64 | 0.1.0 | 29.00 | NOTE | |||
r-oldrel-macos-x86_64 | 0.1.0 | 29.00 | NOTE | |||
r-oldrel-windows-ix86+x86_64 | 0.1.0 | 8.00 | 53.00 | 61.00 | OK |
Version: 0.1.0
Check: data for non-ASCII characters
Result: NOTE
Note: found 24 marked UTF-8 strings
Flavors: r-devel-linux-x86_64-fedora-clang, r-devel-linux-x86_64-fedora-gcc, r-release-macos-arm64, r-release-macos-x86_64, r-oldrel-macos-arm64, r-oldrel-macos-x86_64