CRAN Package Check Results for Package eNetXplorer

Last updated on 2020-02-20 00:54:11 CET.

Flavor Version Tinstall Tcheck Ttotal Status Flags
r-devel-linux-x86_64-debian-clang 1.1.0 14.00 151.01 165.01 OK
r-devel-linux-x86_64-debian-gcc 1.1.0 11.86 111.99 123.85 OK
r-devel-linux-x86_64-fedora-clang 1.1.0 189.93 WARN
r-devel-linux-x86_64-fedora-gcc 1.1.0 190.74 OK
r-devel-windows-ix86+x86_64 1.1.0 22.00 142.00 164.00 OK
r-devel-windows-ix86+x86_64-gcc8 1.1.0 38.00 205.00 243.00 OK
r-patched-linux-x86_64 1.1.0 11.29 128.34 139.63 OK
r-patched-solaris-x86 1.1.0 168.30 ERROR
r-release-linux-x86_64 1.1.0 11.81 128.42 140.23 OK
r-release-windows-ix86+x86_64 1.1.0 21.00 144.00 165.00 OK
r-release-osx-x86_64 1.1.0 OK
r-oldrel-windows-ix86+x86_64 1.1.0 13.00 153.00 166.00 OK
r-oldrel-osx-x86_64 1.1.0 OK

Check Details

Version: 1.1.0
Check: package dependencies
Result: WARN
    Requires orphaned package: ‘gplots’
Flavor: r-devel-linux-x86_64-fedora-clang

Version: 1.1.0
Check: examples
Result: ERROR
    Running examples in ‘eNetXplorer-Ex.R’ failed
    The error most likely occurred in:
    
    > ### Name: plotContingency
    > ### Title: generates plot of response vs out-of-bag predictions across
    > ### classes
    > ### Aliases: plotContingency
    >
    > ### ** Examples
    >
    > ## Don't show:
    > set.seed(123)
    > fit = eNetXplorer(x=matrix(rnorm(120),ncol=4),y=c(rep(0,15),rep(1,15)),
    + family="binomial",n_run=5, n_perm_null=4,alpha=c(0.5,1))
    Error during execution of alpha = 0.5
    > plot(x=fit,plot.type="contingency")
    Error in if (x$family %in% c("binomial", "multinomial")) { :
     argument is of length zero
    Calls: plot -> plot.eNetXplorer
    Execution halted
Flavor: r-patched-solaris-x86