Last updated on 2021-04-14 01:49:00 CEST.
Flavor | Version | Tinstall | Tcheck | Ttotal | Status | Flags |
---|---|---|---|---|---|---|
r-devel-linux-x86_64-debian-clang | 0.9.9-11 | 13.72 | 117.39 | 131.11 | OK | |
r-devel-linux-x86_64-debian-gcc | 0.9.9-11 | 10.95 | 89.60 | 100.55 | OK | |
r-devel-linux-x86_64-fedora-clang | 0.9.9-11 | 166.50 | NOTE | |||
r-devel-linux-x86_64-fedora-gcc | 0.9.9-11 | 157.29 | OK | |||
r-devel-windows-ix86+x86_64 | 0.9.9-11 | 33.00 | 175.00 | 208.00 | OK | |
r-devel-windows-x86_64-gcc10-UCRT | 0.9.9-11 | OK | ||||
r-patched-linux-x86_64 | 0.9.9-11 | 12.88 | 111.19 | 124.07 | OK | |
r-patched-solaris-x86 | 0.9.9-11 | 242.60 | NOTE | |||
r-release-linux-x86_64 | 0.9.9-11 | 13.55 | 111.68 | 125.23 | OK | |
r-release-macos-x86_64 | 0.9.9-11 | OK | ||||
r-release-windows-ix86+x86_64 | 0.9.9-11 | 29.00 | 147.00 | 176.00 | OK | |
r-oldrel-macos-x86_64 | 0.9.9-11 | OK | ||||
r-oldrel-windows-ix86+x86_64 | 0.9.9-11 | 21.00 | 105.00 | 126.00 | OK |
Version: 0.9.9-11
Check: installed package size
Result: NOTE
installed size is 5.0Mb
sub-directories of 1Mb or more:
data 4.3Mb
Flavors: r-devel-linux-x86_64-fedora-clang, r-patched-solaris-x86