CRAN Package Check Results for Package earlyR

Last updated on 2021-05-09 01:46:50 CEST.

Flavor Version Tinstall Tcheck Ttotal Status Flags
r-devel-linux-x86_64-debian-clang 0.0.5 4.40 66.95 71.35 NOTE
r-devel-linux-x86_64-debian-gcc 0.0.5 3.35 50.18 53.53 NOTE
r-devel-linux-x86_64-fedora-clang 0.0.5 94.21 NOTE
r-devel-linux-x86_64-fedora-gcc 0.0.5 83.90 NOTE
r-devel-windows-ix86+x86_64 0.0.5 20.00 123.00 143.00 NOTE
r-devel-windows-x86_64-gcc10-UCRT 0.0.5 NOTE
r-patched-linux-x86_64 0.0.5 4.23 62.31 66.54 NOTE
r-patched-solaris-x86 0.0.5 120.90 OK
r-release-linux-x86_64 0.0.5 4.28 61.85 66.13 OK
r-release-macos-x86_64 0.0.5 OK
r-release-windows-ix86+x86_64 0.0.5 10.00 92.00 102.00 OK
r-oldrel-macos-x86_64 0.0.5 NOTE
r-oldrel-windows-ix86+x86_64 0.0.5 10.00 176.00 186.00 NOTE

Check Details

Version: 0.0.5
Check: LazyData
Result: NOTE
     'LazyData' is specified without a 'data' directory
Flavors: r-devel-linux-x86_64-debian-clang, r-devel-linux-x86_64-debian-gcc, r-devel-linux-x86_64-fedora-clang, r-devel-linux-x86_64-fedora-gcc, r-devel-windows-ix86+x86_64, r-devel-windows-x86_64-gcc10-UCRT, r-patched-linux-x86_64

Version: 0.0.5
Check: R code for possible problems
Result: NOTE
    points.earlyR: no visible global function definition for ‘plot’
    Undefined global functions or variables:
     plot
    Consider adding
     importFrom("graphics", "plot")
    to your NAMESPACE file.
Flavors: r-oldrel-macos-x86_64, r-oldrel-windows-ix86+x86_64