CRAN Package Check Results for Package earth

Last updated on 2022-07-01 01:49:30 CEST.

Flavor Version Tinstall Tcheck Ttotal Status Flags
r-devel-linux-x86_64-debian-clang 5.3.1 19.99 94.52 114.51 OK
r-devel-linux-x86_64-debian-gcc 5.3.1 16.08 70.13 86.21 OK
r-devel-linux-x86_64-fedora-clang 5.3.1 145.49 NOTE
r-devel-linux-x86_64-fedora-gcc 5.3.1 150.20 OK
r-devel-windows-x86_64 5.3.1 92.00 106.00 198.00 OK
r-patched-linux-x86_64 5.3.1 20.09 90.21 110.30 OK
r-release-linux-x86_64 5.3.1 19.32 89.84 109.16 OK
r-release-macos-arm64 5.3.1 38.00 OK
r-release-macos-x86_64 5.3.1 50.00 OK
r-release-windows-x86_64 5.3.1 88.00 112.00 200.00 OK
r-oldrel-macos-arm64 5.3.1 48.00 OK
r-oldrel-macos-x86_64 5.3.1 53.00 OK
r-oldrel-windows-ix86+x86_64 5.3.1 37.00 119.00 156.00 OK

Check Details

Version: 5.3.1
Check: Rd cross-references
Result: NOTE
    Undeclared package ‘leaps’ in Rd xrefs
Flavor: r-devel-linux-x86_64-fedora-clang