Last updated on 2023-05-27 08:07:37 CEST.
Flavor | Version | Tinstall | Tcheck | Ttotal | Status | Flags |
---|---|---|---|---|---|---|
r-devel-linux-x86_64-debian-clang | 0.4.4 | 32.05 | 47.92 | 79.97 | NOTE | |
r-devel-linux-x86_64-debian-gcc | 0.4.4 | 24.28 | 37.07 | 61.35 | NOTE | |
r-devel-linux-x86_64-fedora-clang | 0.4.4 | 113.24 | NOTE | |||
r-devel-linux-x86_64-fedora-gcc | 0.4.4 | 116.26 | NOTE | |||
r-devel-windows-x86_64 | 0.4.4 | 25.00 | 79.00 | 104.00 | NOTE | |
r-patched-linux-x86_64 | 0.4.4 | 22.96 | 46.55 | 69.51 | NOTE | |
r-release-linux-x86_64 | 0.4.4 | 30.71 | 45.95 | 76.66 | NOTE | |
r-release-macos-arm64 | 0.4.4 | 37.00 | NOTE | |||
r-release-macos-x86_64 | 0.4.4 | 61.00 | NOTE | |||
r-release-windows-x86_64 | 0.4.4 | 36.00 | 107.00 | 143.00 | NOTE | |
r-oldrel-macos-arm64 | 0.4.4 | 34.00 | NOTE | |||
r-oldrel-macos-x86_64 | 0.4.4 | 41.00 | NOTE | |||
r-oldrel-windows-x86_64 | 0.4.4 | 35.00 | 96.00 | 131.00 | NOTE |
Version: 0.4.4
Check: LazyData
Result: NOTE
'LazyData' is specified without a 'data' directory
Flavors: r-devel-linux-x86_64-debian-clang, r-devel-linux-x86_64-debian-gcc, r-devel-linux-x86_64-fedora-clang, r-devel-linux-x86_64-fedora-gcc, r-devel-windows-x86_64, r-patched-linux-x86_64, r-release-linux-x86_64, r-release-macos-arm64, r-release-macos-x86_64, r-release-windows-x86_64, r-oldrel-macos-arm64, r-oldrel-macos-x86_64, r-oldrel-windows-x86_64