Last updated on 2023-01-29 00:53:32 CET.
Flavor | Version | Tinstall | Tcheck | Ttotal | Status | Flags |
---|---|---|---|---|---|---|
r-devel-linux-x86_64-debian-clang | 0.3.1 | 20.57 | 311.32 | 331.89 | NOTE | |
r-devel-linux-x86_64-debian-gcc | 0.3.1 | 15.59 | 230.78 | 246.37 | NOTE | |
r-devel-linux-x86_64-fedora-clang | 0.3.1 | 433.79 | NOTE | |||
r-devel-linux-x86_64-fedora-gcc | 0.3.1 | 407.32 | NOTE | |||
r-devel-windows-x86_64 | 0.3.1 | 79.00 | 330.00 | 409.00 | NOTE | |
r-patched-linux-x86_64 | 0.3.1 | 16.46 | 294.42 | 310.88 | OK | |
r-release-linux-x86_64 | 0.3.1 | 14.17 | 296.52 | 310.69 | OK | |
r-release-macos-arm64 | 0.3.1 | 100.00 | OK | |||
r-release-macos-x86_64 | 0.3.1 | 129.00 | OK | |||
r-release-windows-x86_64 | 0.3.1 | 63.00 | 341.00 | 404.00 | OK | |
r-oldrel-macos-arm64 | 0.3.1 | 89.00 | OK | |||
r-oldrel-macos-x86_64 | 0.3.1 | 121.00 | OK | |||
r-oldrel-windows-ix86+x86_64 | 0.3.1 | 39.00 | 353.00 | 392.00 | OK |
Version: 0.3.1
Check: package subdirectories
Result: NOTE
Problems with news in ‘NEWS.md’:
Cannot extract version info from the following section titles:
20181118
Flavors: r-devel-linux-x86_64-debian-clang, r-devel-linux-x86_64-debian-gcc, r-devel-linux-x86_64-fedora-clang, r-devel-linux-x86_64-fedora-gcc, r-devel-windows-x86_64