CRAN Package Check Results for Package easycensus

Last updated on 2023-05-30 08:02:16 CEST.

Flavor Version Tinstall Tcheck Ttotal Status Flags
r-devel-linux-x86_64-debian-clang 1.1.1 6.89 57.00 63.89 OK
r-devel-linux-x86_64-debian-gcc 1.1.1 5.72 42.79 48.51 OK
r-devel-linux-x86_64-fedora-clang 1.1.1 83.85 NOTE
r-devel-linux-x86_64-fedora-gcc 1.1.1 76.72 NOTE
r-devel-windows-x86_64 1.1.1 8.00 64.00 72.00 OK
r-patched-linux-x86_64 1.1.1 10.23 52.02 62.25 OK
r-release-linux-x86_64 1.1.1 5.88 53.25 59.13 OK
r-release-macos-arm64 1.1.1 31.00 OK
r-release-macos-x86_64 1.1.1 42.00 OK
r-release-windows-x86_64 1.1.1 10.00 71.00 81.00 OK
r-oldrel-macos-arm64 1.1.1 25.00 OK
r-oldrel-macos-x86_64 1.1.1 39.00 OK
r-oldrel-windows-x86_64 1.1.1 9.00 76.00 85.00 OK

Check Details

Version: 1.1.1
Check: data for non-ASCII characters
Result: NOTE
     Note: found 10 marked UTF-8 strings
Flavors: r-devel-linux-x86_64-fedora-clang, r-devel-linux-x86_64-fedora-gcc