Last updated on 2022-06-26 01:48:48 CEST.
Flavor | Version | Tinstall | Tcheck | Ttotal | Status | Flags |
---|---|---|---|---|---|---|
r-devel-linux-x86_64-debian-clang | 0.2.4 | 12.75 | 104.83 | 117.58 | OK | |
r-devel-linux-x86_64-debian-gcc | 0.2.4 | 8.29 | 77.50 | 85.79 | OK | |
r-devel-linux-x86_64-fedora-clang | 0.2.4 | 156.78 | WARN | |||
r-devel-linux-x86_64-fedora-gcc | 0.2.4 | 148.82 | WARN | |||
r-devel-windows-x86_64 | 0.2.4 | 24.00 | 141.00 | 165.00 | OK | |
r-patched-linux-x86_64 | 0.2.4 | 10.25 | 99.90 | 110.15 | OK | |
r-release-linux-x86_64 | 0.2.4 | 11.70 | 97.61 | 109.31 | OK | |
r-release-macos-arm64 | 0.2.4 | 42.00 | NOTE | |||
r-release-macos-x86_64 | 0.2.4 | 64.00 | OK | |||
r-release-windows-x86_64 | 0.2.4 | 35.00 | 137.00 | 172.00 | OK | |
r-oldrel-macos-arm64 | 0.2.4 | 49.00 | OK | |||
r-oldrel-macos-x86_64 | 0.2.4 | 54.00 | NOTE | |||
r-oldrel-windows-ix86+x86_64 | 0.2.4 | 27.00 | 157.00 | 184.00 | OK |
Version: 0.2.4
Check: package dependencies
Result: WARN
Requires orphaned package: ‘gtools’
Flavors: r-devel-linux-x86_64-fedora-clang, r-devel-linux-x86_64-fedora-gcc
Version: 0.2.4
Check: package dependencies
Result: NOTE
Packages suggested but not available for checking:
'AnnotationDbi', 'org.Hs.eg.db', 'qvalue'
Flavor: r-release-macos-arm64
Version: 0.2.4
Check: Rd cross-references
Result: NOTE
Package unavailable to check Rd xrefs: ‘AnnotationDbi’
Flavor: r-release-macos-arm64
Version: 0.2.4
Check: package dependencies
Result: NOTE
Package suggested but not available for checking: ‘org.Hs.eg.db’
Flavor: r-oldrel-macos-x86_64