Last updated on 2021-01-22 00:48:51 CET.
Flavor | Version | Tinstall | Tcheck | Ttotal | Status | Flags |
---|---|---|---|---|---|---|
r-devel-linux-x86_64-debian-clang | 0.5-2 | 5.40 | 61.36 | 66.76 | OK | |
r-devel-linux-x86_64-debian-gcc | 0.5-2 | 4.98 | 45.77 | 50.75 | OK | |
r-devel-linux-x86_64-fedora-clang | 0.5-2 | 88.93 | NOTE | |||
r-devel-linux-x86_64-fedora-gcc | 0.5-2 | 95.01 | NOTE | |||
r-devel-windows-ix86+x86_64 | 0.5-2 | 12.00 | 93.00 | 105.00 | OK | |
r-patched-linux-x86_64 | 0.5-2 | 5.84 | 57.69 | 63.53 | OK | |
r-patched-solaris-x86 | 0.5-2 | 104.90 | NOTE | |||
r-release-linux-x86_64 | 0.5-2 | 5.68 | 58.28 | 63.96 | OK | |
r-release-macos-x86_64 | 0.5-2 | NOTE | ||||
r-release-windows-ix86+x86_64 | 0.5-2 | 12.00 | 98.00 | 110.00 | OK | |
r-oldrel-macos-x86_64 | 0.5-2 | NOTE | ||||
r-oldrel-windows-ix86+x86_64 | 0.5-2 | 7.00 | 75.00 | 82.00 | OK |
Version: 0.5-2
Check: dependencies in R code
Result: NOTE
Namespace in Imports field not imported from: ‘rprojroot’
All declared Imports should be used.
Flavors: r-devel-linux-x86_64-fedora-clang, r-devel-linux-x86_64-fedora-gcc, r-patched-solaris-x86, r-release-macos-x86_64, r-oldrel-macos-x86_64