CRAN Package Check Results for Package easyr

Last updated on 2022-08-12 01:50:01 CEST.

Flavor Version Tinstall Tcheck Ttotal Status Flags
r-devel-linux-x86_64-debian-clang 0.5-9 6.11 70.97 77.08 OK
r-devel-linux-x86_64-debian-gcc 0.5-9 5.30 53.18 58.48 OK
r-devel-linux-x86_64-fedora-clang 0.5-9 104.26 NOTE
r-devel-linux-x86_64-fedora-gcc 0.5-9 116.03 NOTE
r-devel-windows-x86_64 0.5-9 28.00 118.00 146.00 OK
r-patched-linux-x86_64 0.5-9 4.33 66.44 70.77 OK
r-release-linux-x86_64 0.5-9 3.77 65.30 69.07 OK
r-release-macos-arm64 0.5-9 35.00 NOTE
r-release-macos-x86_64 0.5-9 46.00 NOTE
r-release-windows-x86_64 0.5-9 40.00 114.00 154.00 OK
r-oldrel-macos-arm64 0.5-9 35.00 NOTE
r-oldrel-macos-x86_64 0.5-9 45.00 NOTE
r-oldrel-windows-ix86+x86_64 0.5-9 13.00 101.00 114.00 OK

Check Details

Version: 0.5-9
Check: dependencies in R code
Result: NOTE
    Namespace in Imports field not imported from: ‘rprojroot’
     All declared Imports should be used.
Flavors: r-devel-linux-x86_64-fedora-clang, r-devel-linux-x86_64-fedora-gcc, r-release-macos-arm64, r-release-macos-x86_64, r-oldrel-macos-arm64, r-oldrel-macos-x86_64