Last updated on 2021-01-21 00:47:03 CET.
Flavor | Version | Tinstall | Tcheck | Ttotal | Status | Flags |
---|---|---|---|---|---|---|
r-devel-linux-x86_64-debian-clang | 0.9.1 | 3.45 | 51.10 | 54.55 | NOTE | |
r-devel-linux-x86_64-debian-gcc | 0.9.1 | 2.66 | 39.21 | 41.87 | NOTE | |
r-devel-linux-x86_64-fedora-clang | 0.9.1 | 72.26 | NOTE | |||
r-devel-linux-x86_64-fedora-gcc | 0.9.1 | 70.29 | NOTE | |||
r-devel-windows-ix86+x86_64 | 0.9.1 | 5.00 | 64.00 | 69.00 | NOTE | |
r-patched-linux-x86_64 | 0.9.1 | 3.05 | 49.63 | 52.68 | NOTE | |
r-patched-solaris-x86 | 0.9.1 | 83.30 | WARN | |||
r-release-linux-x86_64 | 0.9.1 | 3.22 | 49.90 | 53.12 | NOTE | |
r-release-macos-x86_64 | 0.9.1 | NOTE | ||||
r-release-windows-ix86+x86_64 | 0.9.1 | 7.00 | 74.00 | 81.00 | NOTE | |
r-oldrel-macos-x86_64 | 0.9.1 | NOTE | ||||
r-oldrel-windows-ix86+x86_64 | 0.9.1 | 4.00 | 57.00 | 61.00 | NOTE |
Version: 0.9.1
Check: package dependencies
Result: NOTE
Package which this enhances but not available for checking: 'gurobi'
Flavors: r-devel-linux-x86_64-debian-clang, r-devel-linux-x86_64-debian-gcc, r-devel-linux-x86_64-fedora-clang, r-devel-linux-x86_64-fedora-gcc, r-devel-windows-ix86+x86_64, r-patched-linux-x86_64, r-patched-solaris-x86, r-release-linux-x86_64, r-release-macos-x86_64, r-release-windows-ix86+x86_64, r-oldrel-macos-x86_64, r-oldrel-windows-ix86+x86_64
Version: 0.9.1
Check: re-building of vignette outputs
Result: WARN
Error(s) in re-building vignettes:
...
--- re-building ‘eatATA.Rmd’ using rmarkdown
Warning in engine$weave(file, quiet = quiet, encoding = enc) :
Pandoc (>= 1.12.3) and/or pandoc-citeproc not available. Falling back to R Markdown v1.
Quitting from lines 214-217 (eatATA.Rmd)
Error: processing vignette 'eatATA.Rmd' failed with diagnostics:
subscript out of bounds
--- failed re-building ‘eatATA.Rmd’
SUMMARY: processing the following file failed:
‘eatATA.Rmd’
Error: Vignette re-building failed.
Execution halted
Flavor: r-patched-solaris-x86