CRAN Package Check Results for Package echor

Last updated on 2021-04-19 02:46:45 CEST.

Flavor Version Tinstall Tcheck Ttotal Status Flags
r-devel-linux-x86_64-debian-clang 0.1.5 5.82 82.65 88.47 NOTE
r-devel-linux-x86_64-debian-gcc 0.1.5 4.75 63.97 68.72 NOTE
r-devel-linux-x86_64-fedora-clang 0.1.5 115.20 NOTE
r-devel-linux-x86_64-fedora-gcc 0.1.5 103.14 NOTE
r-devel-windows-ix86+x86_64 0.1.5 11.00 101.00 112.00 NOTE
r-devel-windows-x86_64-gcc10-UCRT 0.1.5 NOTE
r-patched-linux-x86_64 0.1.5 6.46 79.20 85.66 OK
r-patched-solaris-x86 0.1.5 175.80 OK
r-release-linux-x86_64 0.1.5 5.80 78.26 84.06 OK
r-release-macos-x86_64 0.1.5 OK
r-release-windows-ix86+x86_64 0.1.5 15.00 128.00 143.00 OK
r-oldrel-macos-x86_64 0.1.5 OK
r-oldrel-windows-ix86+x86_64 0.1.5 12.00 119.00 131.00 OK

Check Details

Version: 0.1.5
Check: LazyData
Result: NOTE
     'LazyData' is specified without a 'data' directory
Flavors: r-devel-linux-x86_64-debian-clang, r-devel-linux-x86_64-debian-gcc, r-devel-linux-x86_64-fedora-clang, r-devel-linux-x86_64-fedora-gcc, r-devel-windows-ix86+x86_64, r-devel-windows-x86_64-gcc10-UCRT