CRAN Package Check Results for Package ecipex

Last updated on 2020-01-20 01:50:19 CET.

Flavor Version Tinstall Tcheck Ttotal Status Flags
r-devel-linux-x86_64-debian-clang 1.0 1.97 20.16 22.13 NOTE
r-devel-linux-x86_64-debian-gcc 1.0 1.88 16.13 18.01 NOTE
r-devel-linux-x86_64-fedora-clang 1.0 27.66 NOTE
r-devel-linux-x86_64-fedora-gcc 1.0 26.41 NOTE
r-devel-windows-ix86+x86_64 1.0 7.00 34.00 41.00 NOTE
r-devel-windows-ix86+x86_64-gcc8 1.0 5.00 44.00 49.00 NOTE
r-patched-linux-x86_64 1.0 1.36 18.43 19.79 NOTE
r-patched-solaris-x86 1.0 39.10 NOTE
r-release-linux-x86_64 1.0 1.61 18.37 19.98 NOTE
r-release-windows-ix86+x86_64 1.0 8.00 34.00 42.00 NOTE
r-release-osx-x86_64 1.0 NOTE
r-oldrel-windows-ix86+x86_64 1.0 2.00 31.00 33.00 NOTE
r-oldrel-osx-x86_64 1.0 NOTE

Check Details

Version: 1.0
Check: R code for possible problems
Result: NOTE
    ecipex: no visible binding for global variable 'nistiso'
    ecipex : <anonymous>: no visible global function definition for 'nextn'
    ecipex : <anonymous>: no visible global function definition for 'fft'
    ecipex : <anonymous> : <anonymous>: no visible global function
     definition for 'fft'
    Undefined global functions or variables:
     fft nextn nistiso
    Consider adding
     importFrom("stats", "fft", "nextn")
    to your NAMESPACE file.
Flavors: r-devel-linux-x86_64-debian-clang, r-devel-linux-x86_64-debian-gcc, r-devel-linux-x86_64-fedora-clang, r-devel-linux-x86_64-fedora-gcc, r-devel-windows-ix86+x86_64, r-devel-windows-ix86+x86_64-gcc8, r-patched-linux-x86_64, r-patched-solaris-x86, r-release-linux-x86_64, r-release-windows-ix86+x86_64, r-release-osx-x86_64, r-oldrel-windows-ix86+x86_64, r-oldrel-osx-x86_64