CRAN Package Check Results for Package ecochange

Last updated on 2021-05-09 01:46:50 CEST.

Flavor Version Tinstall Tcheck Ttotal Status Flags
r-devel-linux-x86_64-debian-clang 1.3 31.26 290.38 321.64 NOTE
r-devel-linux-x86_64-debian-gcc 1.3 26.12 212.79 238.91 NOTE
r-devel-linux-x86_64-fedora-clang 1.3 406.34 NOTE
r-devel-linux-x86_64-fedora-gcc 1.3 372.38 NOTE
r-devel-windows-ix86+x86_64 1.3 68.00 303.00 371.00 NOTE
r-devel-windows-x86_64-gcc10-UCRT 1.3 NOTE
r-patched-linux-x86_64 1.3 34.86 275.35 310.21 NOTE
r-patched-solaris-x86 1.3 509.10 OK
r-release-linux-x86_64 1.3 27.12 271.50 298.62 OK
r-release-macos-x86_64 1.3 OK
r-release-windows-ix86+x86_64 1.3 57.00 231.00 288.00 OK
r-oldrel-macos-x86_64 1.3 OK
r-oldrel-windows-ix86+x86_64 1.3 64.00 281.00 345.00 OK

Check Details

Version: 1.3
Check: LazyData
Result: NOTE
     'LazyData' is specified without a 'data' directory
Flavors: r-devel-linux-x86_64-debian-clang, r-devel-linux-x86_64-debian-gcc, r-devel-linux-x86_64-fedora-clang, r-devel-linux-x86_64-fedora-gcc, r-devel-windows-ix86+x86_64, r-devel-windows-x86_64-gcc10-UCRT, r-patched-linux-x86_64