Last updated on 2023-09-24 08:58:17 CEST.
Flavor | Version | Tinstall | Tcheck | Ttotal | Status | Flags |
---|---|---|---|---|---|---|
r-devel-linux-x86_64-debian-clang | 1.0.0 | 13.41 | 279.87 | 293.28 | OK | |
r-devel-linux-x86_64-debian-gcc | 1.0.0 | 11.61 | 210.27 | 221.88 | OK | |
r-devel-linux-x86_64-fedora-clang | 1.0.0 | 361.37 | OK | |||
r-devel-linux-x86_64-fedora-gcc | 1.0.0 | 363.79 | OK | |||
r-devel-windows-x86_64 | 1.0.0 | 13.00 | 227.00 | 240.00 | OK | |
r-patched-linux-x86_64 | 1.0.0 | 17.91 | 268.94 | 286.85 | OK | |
r-release-linux-x86_64 | 1.0.0 | 13.15 | 276.69 | 289.84 | OK | |
r-release-macos-arm64 | 1.0.0 | 120.00 | OK | |||
r-release-macos-x86_64 | 1.0.0 | 181.00 | NOTE | |||
r-release-windows-x86_64 | 1.0.0 | 17.00 | 272.00 | 289.00 | OK | |
r-oldrel-macos-arm64 | 1.0.0 | 114.00 | OK | |||
r-oldrel-macos-x86_64 | 1.0.0 | 202.00 | OK | |||
r-oldrel-windows-x86_64 | 1.0.0 | 16.00 | 272.00 | 288.00 | OK |
Version: 1.0.0
Check: package dependencies
Result: NOTE
Package suggested but not available for checking: ‘untb’
Flavor: r-release-macos-x86_64