CRAN Package Check Results for Package ecospat

Last updated on 2020-01-23 00:57:24 CET.

Flavor Version Tinstall Tcheck Ttotal Status Flags
r-devel-linux-x86_64-debian-clang 3.0 32.26 328.61 360.87 NOTE
r-devel-linux-x86_64-debian-gcc 3.0 25.01 252.45 277.46 NOTE
r-devel-linux-x86_64-fedora-clang 3.0 443.65 NOTE
r-devel-linux-x86_64-fedora-gcc 3.0 414.84 NOTE
r-devel-windows-ix86+x86_64 3.0 108.00 495.00 603.00 OK
r-devel-windows-ix86+x86_64-gcc8 3.0 102.00 486.00 588.00 OK
r-patched-linux-x86_64 3.0 25.34 288.51 313.85 OK
r-patched-solaris-x86 3.0 530.10 OK
r-release-linux-x86_64 3.0 28.14 282.11 310.25 OK
r-release-windows-ix86+x86_64 3.0 62.00 309.00 371.00 OK
r-release-osx-x86_64 3.0 OK
r-oldrel-windows-ix86+x86_64 3.0 33.00 293.00 326.00 OK
r-oldrel-osx-x86_64 3.0 OK

Check Details

Version: 3.0
Check: for non-standard things in the check directory
Result: NOTE
    Found the following files/directories:
     'community.prediction.prr.txt'
Flavors: r-devel-linux-x86_64-debian-clang, r-devel-linux-x86_64-debian-gcc, r-devel-linux-x86_64-fedora-clang, r-devel-linux-x86_64-fedora-gcc