CRAN Package Check Results for Package ecoval

Last updated on 2021-12-06 00:48:27 CET.

Flavor Version Tinstall Tcheck Ttotal Status Flags
r-devel-linux-x86_64-debian-clang 1.2.7 15.05 86.04 101.09 OK
r-devel-linux-x86_64-debian-gcc 1.2.7 14.11 63.66 77.77 OK
r-devel-linux-x86_64-fedora-clang 1.2.7 124.47 NOTE
r-devel-linux-x86_64-fedora-gcc 1.2.7 112.32 NOTE
r-devel-windows-x86_64-new-UL 1.2.7 26.00 110.00 136.00 OK
r-devel-windows-x86_64-new-TK 1.2.7 NOTE
r-devel-windows-x86_64-old 1.2.7 23.00 61.00 84.00 OK
r-patched-linux-x86_64 1.2.7 15.61 76.21 91.82 OK
r-release-linux-x86_64 1.2.7 13.94 84.08 98.02 OK
r-release-macos-arm64 1.2.7 NOTE
r-release-macos-x86_64 1.2.7 NOTE
r-release-windows-ix86+x86_64 1.2.7 25.00 65.00 90.00 OK
r-oldrel-macos-x86_64 1.2.7 NOTE
r-oldrel-windows-ix86+x86_64 1.2.7 19.00 96.00 115.00 OK

Check Details

Version: 1.2.7
Check: data for non-ASCII characters
Result: NOTE
     Note: found 5 marked UTF-8 strings
Flavors: r-devel-linux-x86_64-fedora-clang, r-devel-linux-x86_64-fedora-gcc, r-devel-windows-x86_64-new-TK, r-release-macos-arm64, r-release-macos-x86_64, r-oldrel-macos-x86_64