Last updated on 2023-02-02 00:54:41 CET.
Flavor | Version | Tinstall | Tcheck | Ttotal | Status | Flags |
---|---|---|---|---|---|---|
r-devel-linux-x86_64-debian-clang | 0.1.4 | 3.17 | 38.35 | 41.52 | NOTE | |
r-devel-linux-x86_64-debian-gcc | 0.1.4 | 3.72 | 29.88 | 33.60 | NOTE | |
r-devel-linux-x86_64-fedora-clang | 0.1.4 | 54.34 | NOTE | |||
r-devel-linux-x86_64-fedora-gcc | 0.1.4 | 53.23 | NOTE | |||
r-devel-windows-x86_64 | 0.1.4 | 28.00 | 73.00 | 101.00 | NOTE | |
r-patched-linux-x86_64 | 0.1.4 | 3.76 | 39.98 | 43.74 | NOTE | |
r-release-linux-x86_64 | 0.1.4 | 4.33 | 39.25 | 43.58 | NOTE | |
r-release-macos-arm64 | 0.1.4 | 23.00 | NOTE | |||
r-release-macos-x86_64 | 0.1.4 | 39.00 | NOTE | |||
r-release-windows-x86_64 | 0.1.4 | 27.00 | 75.00 | 102.00 | NOTE | |
r-oldrel-macos-arm64 | 0.1.4 | 25.00 | NOTE | |||
r-oldrel-macos-x86_64 | 0.1.4 | 47.00 | NOTE | |||
r-oldrel-windows-ix86+x86_64 | 0.1.4 | 13.00 | 66.00 | 79.00 | NOTE |
Version: 0.1.4
Check: LazyData
Result: NOTE
'LazyData' is specified without a 'data' directory
Flavors: r-devel-linux-x86_64-debian-clang, r-devel-linux-x86_64-debian-gcc, r-devel-linux-x86_64-fedora-clang, r-devel-linux-x86_64-fedora-gcc, r-devel-windows-x86_64, r-patched-linux-x86_64, r-release-linux-x86_64, r-release-macos-arm64, r-release-macos-x86_64, r-release-windows-x86_64, r-oldrel-macos-arm64, r-oldrel-macos-x86_64, r-oldrel-windows-ix86+x86_64