Last updated on 2021-01-22 00:48:51 CET.
Flavor | Version | Tinstall | Tcheck | Ttotal | Status | Flags |
---|---|---|---|---|---|---|
r-devel-linux-x86_64-debian-clang | 2.2 | 6.72 | 52.11 | 58.83 | OK | |
r-devel-linux-x86_64-debian-gcc | 2.2 | 5.08 | 40.23 | 45.31 | OK | |
r-devel-linux-x86_64-fedora-clang | 2.2 | 80.92 | OK | |||
r-devel-linux-x86_64-fedora-gcc | 2.2 | 68.28 | OK | |||
r-devel-windows-ix86+x86_64 | 2.2 | 16.00 | 94.00 | 110.00 | OK | |
r-patched-linux-x86_64 | 2.2 | 5.57 | 49.09 | 54.66 | OK | |
r-patched-solaris-x86 | 2.2 | 105.50 | OK | |||
r-release-linux-x86_64 | 2.2 | 5.90 | 49.83 | 55.73 | OK | |
r-release-macos-x86_64 | 2.2 | OK | ||||
r-release-windows-ix86+x86_64 | 2.2 | 32.00 | 92.00 | 124.00 | OK | |
r-oldrel-macos-x86_64 | 2.2 | WARN | ||||
r-oldrel-windows-ix86+x86_64 | 2.2 | 10.00 | 65.00 | 75.00 | OK |
Version: 2.2
Check: whether package can be installed
Result: WARN
Found the following significant warnings:
Warning: 'rgl_init' failed, running with rgl.useNULL = TRUE
Flavor: r-oldrel-macos-x86_64