CRAN Package Check Results for Package effectsize

Last updated on 2020-06-06 02:06:56 CEST.

Flavor Version Tinstall Tcheck Ttotal Status Flags
r-devel-linux-x86_64-debian-clang 0.3.1 7.36 86.53 93.89 OK
r-devel-linux-x86_64-debian-gcc 0.3.1 5.46 66.19 71.65 OK
r-devel-linux-x86_64-fedora-clang 0.3.1 125.04 OK
r-devel-linux-x86_64-fedora-gcc 0.3.1 112.48 OK
r-devel-windows-ix86+x86_64 0.3.1 12.00 134.00 146.00 OK
r-patched-linux-x86_64 0.3.1 6.56 77.84 84.40 NOTE
r-patched-solaris-x86 0.3.1 148.80 OK
r-release-linux-x86_64 0.3.1 5.59 86.40 91.99 OK
r-release-osx-x86_64 0.3.1 OK
r-release-windows-ix86+x86_64 0.3.1 16.00 154.00 170.00 OK
r-oldrel-osx-x86_64 0.3.1 OK
r-oldrel-windows-ix86+x86_64 0.3.1 14.00 137.00 151.00 OK

Check Details

Version: 0.3.1
Check: package dependencies
Result: NOTE
    Package suggested but not available for checking: ‘rstanarm’
Flavor: r-patched-linux-x86_64