CRAN Package Check Results for Package eiExpand

Last updated on 2023-11-28 07:53:00 CET.

Flavor Version Tinstall Tcheck Ttotal Status Flags
r-devel-linux-x86_64-debian-clang 1.0.5 14.36 57.12 71.48 OK
r-devel-linux-x86_64-debian-gcc 1.0.5 12.93 42.41 55.34 OK
r-devel-linux-x86_64-fedora-clang 1.0.5 89.56 NOTE
r-devel-linux-x86_64-fedora-gcc 1.0.5 90.06 NOTE
r-devel-windows-x86_64 1.0.5 17.00 63.00 80.00 OK
r-patched-linux-x86_64 1.0.5 11.58 54.28 65.86 OK
r-release-linux-x86_64 1.0.5 11.39 54.10 65.49 OK
r-release-macos-arm64 1.0.5 33.00 OK
r-release-macos-x86_64 1.0.5 50.00 OK
r-release-windows-x86_64 1.0.5 20.00 71.00 91.00 OK
r-oldrel-macos-arm64 1.0.5 35.00 OK
r-oldrel-macos-x86_64 1.0.5 44.00 OK
r-oldrel-windows-x86_64 1.0.5 21.00 84.00 105.00 OK

Check Details

Version: 1.0.5
Check: data for non-ASCII characters
Result: NOTE Note: found 1 marked UTF-8 string Flavors: r-devel-linux-x86_64-fedora-clang, r-devel-linux-x86_64-fedora-gcc