CRAN Package Check Results for Package elhmc

Last updated on 2023-12-05 07:48:30 CET.

Flavor Version Tinstall Tcheck Ttotal Status Flags
r-devel-linux-x86_64-debian-clang 1.1.0 3.19 31.04 34.23 NOTE
r-devel-linux-x86_64-debian-gcc 1.1.0 2.30 24.14 26.44 NOTE
r-devel-linux-x86_64-fedora-clang 1.1.0 42.41 NOTE
r-devel-linux-x86_64-fedora-gcc 1.1.0 39.79 NOTE
r-devel-windows-x86_64 1.1.0 3.00 45.00 48.00 NOTE
r-patched-linux-x86_64 1.1.0 2.85 30.86 33.71 NOTE
r-release-linux-x86_64 1.1.0 2.76 30.89 33.65 NOTE
r-release-macos-arm64 1.1.0 18.00 NOTE
r-release-macos-x86_64 1.1.0 24.00 NOTE
r-release-windows-x86_64 1.1.0 4.00 46.00 50.00 NOTE
r-oldrel-macos-arm64 1.1.0 19.00 NOTE
r-oldrel-macos-x86_64 1.1.0 24.00 NOTE
r-oldrel-windows-x86_64 1.1.0 4.00 52.00 56.00 NOTE

Check Details

Version: 1.1.0
Check: LazyData
Result: NOTE 'LazyData' is specified without a 'data' directory Flavors: r-devel-linux-x86_64-debian-clang, r-devel-linux-x86_64-debian-gcc, r-devel-linux-x86_64-fedora-clang, r-devel-linux-x86_64-fedora-gcc, r-devel-windows-x86_64, r-patched-linux-x86_64, r-release-linux-x86_64, r-release-macos-arm64, r-release-macos-x86_64, r-release-windows-x86_64, r-oldrel-macos-arm64, r-oldrel-macos-x86_64, r-oldrel-windows-x86_64