Last updated on 2023-11-30 07:52:33 CET.
Flavor | Version | Tinstall | Tcheck | Ttotal | Status | Flags |
---|---|---|---|---|---|---|
r-devel-linux-x86_64-debian-clang | 3.0.2 | 67.36 | 57.92 | 125.28 | NOTE | |
r-devel-linux-x86_64-debian-gcc | 3.0.2 | 40.82 | 43.99 | 84.81 | NOTE | |
r-devel-linux-x86_64-fedora-clang | 3.0.2 | 177.19 | OK | |||
r-devel-linux-x86_64-fedora-gcc | 3.0.2 | 176.66 | OK | |||
r-devel-windows-x86_64 | 3.0.2 | 50.00 | 84.00 | 134.00 | OK | |
r-patched-linux-x86_64 | 3.0.2 | 49.33 | 55.02 | 104.35 | OK | |
r-release-linux-x86_64 | 3.0.2 | 50.84 | 54.25 | 105.09 | OK | |
r-release-macos-arm64 | 3.0.2 | 50.00 | OK | |||
r-release-macos-x86_64 | 3.0.2 | 99.00 | OK | |||
r-release-windows-x86_64 | 3.0.2 | 64.00 | 98.00 | 162.00 | OK | |
r-oldrel-macos-arm64 | 3.0.2 | 44.00 | OK | |||
r-oldrel-macos-x86_64 | 3.0.2 | 60.00 | OK | |||
r-oldrel-windows-x86_64 | 3.0.2 | 57.00 | 92.00 | 149.00 | OK |
Version: 3.0.2
Check: Rd files
Result: NOTE
checkRd: (-1) elo.run.Rd:80: Lost braces
80 | \code{\link{score}}, \link{elo.run.helpers}{elo.run helpers}, \code{\link{elo.calc}},
| ^
Flavors: r-devel-linux-x86_64-debian-clang, r-devel-linux-x86_64-debian-gcc