Last updated on 2023-02-07 00:54:14 CET.
Flavor | Version | Tinstall | Tcheck | Ttotal | Status | Flags |
---|---|---|---|---|---|---|
r-devel-linux-x86_64-debian-clang | 8.7 | 27.38 | 152.02 | 179.40 | OK | |
r-devel-linux-x86_64-debian-gcc | 8.7 | 19.62 | 110.74 | 130.36 | OK | |
r-devel-linux-x86_64-fedora-clang | 8.7 | 222.53 | NOTE | |||
r-devel-linux-x86_64-fedora-gcc | 8.7 | 208.64 | NOTE | |||
r-devel-windows-x86_64 | 8.7 | 92.00 | 215.00 | 307.00 | OK | |
r-patched-linux-x86_64 | 8.7 | 23.29 | 140.06 | 163.35 | OK | |
r-release-linux-x86_64 | 8.7 | 22.16 | 140.53 | 162.69 | OK | |
r-release-macos-arm64 | 8.7 | 108.00 | NOTE | |||
r-release-macos-x86_64 | 8.7 | 137.00 | NOTE | |||
r-release-windows-x86_64 | 8.7 | 103.00 | 213.00 | 316.00 | OK | |
r-oldrel-macos-arm64 | 8.7 | 105.00 | NOTE | |||
r-oldrel-macos-x86_64 | 8.7 | 137.00 | NOTE | |||
r-oldrel-windows-ix86+x86_64 | 8.7 | 47.00 | 172.00 | 219.00 | OK |
Version: 8.7
Check: data for non-ASCII characters
Result: NOTE
Note: found 155 marked UTF-8 strings
Flavors: r-devel-linux-x86_64-fedora-clang, r-devel-linux-x86_64-fedora-gcc, r-release-macos-arm64, r-release-macos-x86_64, r-oldrel-macos-arm64, r-oldrel-macos-x86_64