CRAN Package Check Results for Package energy

Last updated on 2020-07-15 01:48:23 CEST.

Flavor Version Tinstall Tcheck Ttotal Status Flags
r-devel-linux-x86_64-debian-clang 1.7-7 83.33 35.67 119.00 OK
r-devel-linux-x86_64-debian-gcc 1.7-7 59.73 27.73 87.46 OK
r-devel-linux-x86_64-fedora-clang 1.7-7 174.10 OK
r-devel-linux-x86_64-fedora-gcc 1.7-7 148.15 OK
r-devel-windows-ix86+x86_64 1.7-7 201.00 99.00 300.00 OK
r-patched-linux-x86_64 1.7-7 57.98 35.47 93.45 OK
r-patched-solaris-x86 1.7-7 139.50 OK
r-release-linux-x86_64 1.7-7 58.09 35.46 93.55 OK
r-release-macos-x86_64 1.7-7 ERROR
r-release-windows-ix86+x86_64 1.7-7 208.00 70.00 278.00 OK
r-oldrel-macos-x86_64 1.7-7 OK
r-oldrel-windows-ix86+x86_64 1.7-7 161.00 92.00 253.00 OK

Check Details

Version: 1.7-7
Check: whether package can be installed
Result: ERROR
    Installation failed.
Flavor: r-release-macos-x86_64