Last updated on 2021-03-03 01:48:43 CET.
Flavor | Version | Tinstall | Tcheck | Ttotal | Status | Flags |
---|---|---|---|---|---|---|
r-devel-linux-x86_64-debian-clang | 0.6.6 | NOTE | ||||
r-devel-linux-x86_64-debian-gcc | 0.6.6 | 5.28 | 56.38 | 61.66 | OK | |
r-devel-linux-x86_64-fedora-clang | 0.6.6 | 91.46 | NOTE | |||
r-devel-linux-x86_64-fedora-gcc | 0.6.6 | 94.63 | OK | |||
r-devel-windows-ix86+x86_64 | 0.6.6 | 12.00 | 114.00 | 126.00 | OK | |
r-patched-linux-x86_64 | 0.6.6 | 5.48 | 71.02 | 76.50 | OK | |
r-release-linux-x86_64 | 0.6.6 | 5.54 | 72.18 | 77.72 | OK | |
r-release-macos-x86_64 | 0.6.6 | ERROR | ||||
r-release-windows-ix86+x86_64 | 0.6.6 | 10.00 | 87.00 | 97.00 | OK | |
r-oldrel-macos-x86_64 | 0.6.6 | OK | ||||
r-oldrel-windows-ix86+x86_64 | 0.6.6 | 10.00 | 103.00 | 113.00 | OK |
Version: 0.6.6
Check: package dependencies
Result: NOTE
Packages suggested but not available for checking: 'xcms', 'MSnbase'
Flavors: r-devel-linux-x86_64-debian-clang, r-devel-linux-x86_64-fedora-clang
Version: 0.6.6
Check: package dependencies
Result: ERROR
Package required but not available: ‘Rdisop’
See section ‘The DESCRIPTION file’ in the ‘Writing R Extensions’
manual.
Flavor: r-release-macos-x86_64