CRAN Package Check Results for Package envoutliers

Last updated on 2022-12-06 00:51:09 CET.

Flavor Version Tinstall Tcheck Ttotal Status Flags
r-devel-linux-x86_64-debian-clang 1.1.0 11.43 96.44 107.87 NOTE
r-devel-linux-x86_64-debian-gcc 1.1.0 8.61 73.47 82.08 NOTE
r-devel-linux-x86_64-fedora-clang 1.1.0 148.89 NOTE
r-devel-linux-x86_64-fedora-gcc 1.1.0 141.53 NOTE
r-devel-windows-x86_64 1.1.0 49.00 128.00 177.00 NOTE
r-patched-linux-x86_64 1.1.0 12.46 88.59 101.05 NOTE
r-release-linux-x86_64 1.1.0 10.82 89.47 100.29 NOTE
r-release-macos-arm64 1.1.0 39.00 NOTE
r-release-macos-x86_64 1.1.0 66.00 NOTE
r-release-windows-x86_64 1.1.0 44.00 117.00 161.00 NOTE
r-oldrel-macos-arm64 1.1.0 50.00 NOTE
r-oldrel-macos-x86_64 1.1.0 87.00 NOTE
r-oldrel-windows-ix86+x86_64 1.1.0 26.00 119.00 145.00 NOTE

Check Details

Version: 1.1.0
Check: LazyData
Result: NOTE
     'LazyData' is specified without a 'data' directory
Flavors: r-devel-linux-x86_64-debian-clang, r-devel-linux-x86_64-debian-gcc, r-devel-linux-x86_64-fedora-clang, r-devel-linux-x86_64-fedora-gcc, r-devel-windows-x86_64, r-patched-linux-x86_64, r-release-linux-x86_64, r-release-macos-arm64, r-release-macos-x86_64, r-release-windows-x86_64, r-oldrel-macos-arm64, r-oldrel-macos-x86_64, r-oldrel-windows-ix86+x86_64