CRAN Package Check Results for Package epicontacts

Last updated on 2023-02-08 02:03:11 CET.

Flavor Version Tinstall Tcheck Ttotal Status Flags
r-devel-linux-x86_64-debian-clang 1.1.2 4.58 60.39 64.97 OK
r-devel-linux-x86_64-debian-gcc 1.1.2 3.46 44.83 48.29 OK
r-devel-linux-x86_64-fedora-clang 1.1.2 80.44 NOTE
r-devel-linux-x86_64-fedora-gcc 1.1.2 89.62 NOTE
r-devel-windows-x86_64 1.1.2 28.00 107.00 135.00 OK
r-patched-linux-x86_64 1.1.2 4.51 57.15 61.66 OK
r-release-linux-x86_64 1.1.2 4.77 53.49 58.26 OK
r-release-macos-arm64 1.1.2 28.00 NOTE
r-release-macos-x86_64 1.1.2 49.00 NOTE
r-release-windows-x86_64 1.1.2 40.00 113.00 153.00 OK
r-oldrel-macos-arm64 1.1.2 33.00 NOTE
r-oldrel-macos-x86_64 1.1.2 51.00 NOTE
r-oldrel-windows-ix86+x86_64 1.1.2 11.00 88.00 99.00 OK

Check Details

Version: 1.1.2
Check: dependencies in R code
Result: NOTE
    Namespace in Imports field not imported from: ‘colorspace’
     All declared Imports should be used.
Flavors: r-devel-linux-x86_64-fedora-clang, r-devel-linux-x86_64-fedora-gcc, r-release-macos-arm64, r-release-macos-x86_64, r-oldrel-macos-arm64, r-oldrel-macos-x86_64