CRAN Package Check Results for Package epidata

Last updated on 2023-11-28 07:53:01 CET.

Flavor Version Tinstall Tcheck Ttotal Status Flags
r-devel-linux-x86_64-debian-clang 0.4.0 6.90 53.21 60.11 OK
r-devel-linux-x86_64-debian-gcc 0.4.0 4.90 39.55 44.45 OK
r-devel-linux-x86_64-fedora-clang 0.4.0 74.53 NOTE
r-devel-linux-x86_64-fedora-gcc 0.4.0 67.95 NOTE
r-devel-windows-x86_64 0.4.0 9.00 84.00 93.00 OK
r-patched-linux-x86_64 0.4.0 5.29 49.43 54.72 OK
r-release-linux-x86_64 0.4.0 4.29 49.57 53.86 OK
r-release-macos-arm64 0.4.0 50.00 OK
r-release-macos-x86_64 0.4.0 62.00 OK
r-release-windows-x86_64 0.4.0 9.00 90.00 99.00 OK
r-oldrel-macos-arm64 0.4.0 178.00 NOTE
r-oldrel-macos-x86_64 0.4.0 81.00 NOTE
r-oldrel-windows-x86_64 0.4.0 10.00 90.00 100.00 OK

Check Details

Version: 0.4.0
Check: dependencies in R code
Result: NOTE Namespace in Imports field not imported from: ‘tinytest’ All declared Imports should be used. Flavors: r-devel-linux-x86_64-fedora-clang, r-devel-linux-x86_64-fedora-gcc, r-oldrel-macos-arm64, r-oldrel-macos-x86_64