Last updated on 2022-06-25 01:48:59 CEST.
Flavor | Version | Tinstall | Tcheck | Ttotal | Status | Flags |
---|---|---|---|---|---|---|
r-devel-linux-x86_64-debian-clang | 0.2.3 | 2.22 | 35.26 | 37.48 | OK | |
r-devel-linux-x86_64-debian-gcc | 0.2.3 | 2.55 | 27.91 | 30.46 | OK | |
r-devel-linux-x86_64-fedora-clang | 0.2.3 | 57.52 | NOTE | |||
r-devel-linux-x86_64-fedora-gcc | 0.2.3 | 60.47 | NOTE | |||
r-devel-windows-x86_64 | 0.2.3 | 44.00 | 81.00 | 125.00 | OK | |
r-patched-linux-x86_64 | 0.2.3 | 3.67 | 34.57 | 38.24 | OK | |
r-release-linux-x86_64 | 0.2.3 | 3.02 | 34.96 | 37.98 | OK | |
r-release-macos-arm64 | 0.2.3 | 23.00 | OK | |||
r-release-macos-x86_64 | 0.2.3 | 33.00 | OK | |||
r-release-windows-x86_64 | 0.2.3 | 38.00 | 73.00 | 111.00 | OK | |
r-oldrel-macos-arm64 | 0.2.3 | 22.00 | OK | |||
r-oldrel-macos-x86_64 | 0.2.3 | 34.00 | OK | |||
r-oldrel-windows-ix86+x86_64 | 0.2.3 | 7.00 | 53.00 | 60.00 | OK |
Version: 0.2.3
Check: package dependencies
Result: NOTE
Suggests orphaned package: ‘gtools’
Flavors: r-devel-linux-x86_64-fedora-clang, r-devel-linux-x86_64-fedora-gcc