CRAN Package Check Results for Package epitweetr

Last updated on 2021-01-18 00:46:35 CET.

Flavor Version Tinstall Tcheck Ttotal Status Flags
r-devel-linux-x86_64-debian-clang 0.1.24 13.72 111.97 125.69 NOTE
r-devel-linux-x86_64-debian-gcc 0.1.24 12.98 81.83 94.81 NOTE
r-devel-linux-x86_64-fedora-clang 0.1.24 157.66 NOTE
r-devel-linux-x86_64-fedora-gcc 0.1.24 139.25 NOTE
r-devel-windows-ix86+x86_64 0.1.24 25.00 139.00 164.00 OK
r-patched-linux-x86_64 0.1.24 13.92 100.40 114.32 NOTE
r-patched-solaris-x86 0.1.24 182.20 NOTE
r-release-linux-x86_64 0.1.24 14.36 100.55 114.91 NOTE
r-release-macos-x86_64 0.1.24 NOTE
r-release-windows-ix86+x86_64 0.1.24 25.00 133.00 158.00 OK
r-oldrel-macos-x86_64 0.1.24 NOTE
r-oldrel-windows-ix86+x86_64 0.1.24 26.00 149.00 175.00 OK

Check Details

Version: 0.1.24
Check: package dependencies
Result: NOTE
    Package suggested but not available for checking: 'taskscheduleR'
Flavors: r-devel-linux-x86_64-debian-clang, r-devel-linux-x86_64-debian-gcc, r-devel-linux-x86_64-fedora-gcc, r-patched-linux-x86_64, r-patched-solaris-x86, r-release-linux-x86_64, r-release-macos-x86_64, r-oldrel-macos-x86_64

Version: 0.1.24
Check: package dependencies
Result: NOTE
    Package suggested but not available for checking: ‘taskscheduleR’
    
    Imports includes 26 non-default packages.
    Importing from so many packages makes the package vulnerable to any of
    them becoming unavailable. Move as many as possible to Suggests and
    use conditionally.
Flavor: r-devel-linux-x86_64-fedora-clang

Version: 0.1.24
Check: dependencies in R code
Result: NOTE
    Namespaces in Imports field not imported from:
     ‘httpuv’ ‘plyr’ ‘rgdal’ ‘rgeos’ ‘tidyverse’ ‘tokenizers’
     All declared Imports should be used.
Flavors: r-devel-linux-x86_64-fedora-clang, r-devel-linux-x86_64-fedora-gcc, r-patched-solaris-x86, r-release-macos-x86_64, r-oldrel-macos-x86_64