CRAN Package Check Results for Package epitweetr

Last updated on 2021-04-14 01:49:00 CEST.

Flavor Version Tinstall Tcheck Ttotal Status Flags
r-devel-linux-x86_64-debian-clang 0.1.28 15.20 115.01 130.21 NOTE
r-devel-linux-x86_64-debian-gcc 0.1.28 12.16 84.17 96.33 NOTE
r-devel-linux-x86_64-fedora-clang 0.1.28 170.58 NOTE
r-devel-linux-x86_64-fedora-gcc 0.1.28 147.94 NOTE
r-devel-windows-ix86+x86_64 0.1.28 32.00 163.00 195.00 OK
r-devel-windows-x86_64-gcc10-UCRT 0.1.28 NOTE
r-patched-linux-x86_64 0.1.28 12.50 105.17 117.67 NOTE
r-patched-solaris-x86 0.1.28 193.10 NOTE
r-release-linux-x86_64 0.1.28 13.60 105.01 118.61 NOTE
r-release-macos-x86_64 0.1.28 NOTE
r-release-windows-ix86+x86_64 0.1.28 26.00 143.00 169.00 OK
r-oldrel-macos-x86_64 0.1.28 NOTE
r-oldrel-windows-ix86+x86_64 0.1.24 17.00 124.00 141.00 OK

Check Details

Version: 0.1.28
Check: package dependencies
Result: NOTE
    Package suggested but not available for checking: 'taskscheduleR'
Flavors: r-devel-linux-x86_64-debian-clang, r-devel-linux-x86_64-debian-gcc, r-devel-linux-x86_64-fedora-gcc, r-patched-linux-x86_64, r-patched-solaris-x86, r-release-linux-x86_64, r-release-macos-x86_64, r-oldrel-macos-x86_64

Version: 0.1.28
Check: package dependencies
Result: NOTE
    Package suggested but not available for checking: ‘taskscheduleR’
    
    Imports includes 26 non-default packages.
    Importing from so many packages makes the package vulnerable to any of
    them becoming unavailable. Move as many as possible to Suggests and
    use conditionally.
Flavor: r-devel-linux-x86_64-fedora-clang

Version: 0.1.28
Check: dependencies in R code
Result: NOTE
    Namespaces in Imports field not imported from:
     ‘httpuv’ ‘plyr’ ‘rgdal’ ‘rgeos’ ‘tidyverse’ ‘tokenizers’
     All declared Imports should be used.
Flavors: r-devel-linux-x86_64-fedora-clang, r-devel-linux-x86_64-fedora-gcc, r-devel-windows-x86_64-gcc10-UCRT, r-patched-solaris-x86, r-release-macos-x86_64, r-oldrel-macos-x86_64