Last updated on 2023-02-06 00:52:27 CET.
Flavor | Version | Tinstall | Tcheck | Ttotal | Status | Flags |
---|---|---|---|---|---|---|
r-devel-linux-x86_64-debian-clang | 1.1.0 | 34.86 | 126.34 | 161.20 | NOTE | |
r-devel-linux-x86_64-debian-gcc | 1.1.0 | 28.44 | 91.00 | 119.44 | NOTE | |
r-devel-linux-x86_64-fedora-clang | 1.1.0 | 198.79 | NOTE | |||
r-devel-linux-x86_64-fedora-gcc | 1.1.0 | 190.83 | NOTE | |||
r-devel-windows-x86_64 | 1.1.0 | 44.00 | 189.00 | 233.00 | NOTE | |
r-patched-linux-x86_64 | 1.1.0 | 32.59 | 116.02 | 148.61 | OK | |
r-release-linux-x86_64 | 1.1.0 | 33.71 | 117.50 | 151.21 | OK | |
r-release-macos-arm64 | 1.1.0 | 50.00 | OK | |||
r-release-macos-x86_64 | 1.1.0 | 72.00 | OK | |||
r-release-windows-x86_64 | 1.1.0 | 50.00 | 181.00 | 231.00 | OK | |
r-oldrel-macos-arm64 | 1.1.0 | 49.00 | OK | |||
r-oldrel-macos-x86_64 | 1.1.0 | 67.00 | OK | |||
r-oldrel-windows-ix86+x86_64 | 1.1.0 | 71.00 | 227.00 | 298.00 | OK |
Version: 1.1.0
Check: C++ specification
Result: NOTE
Specified C++11: please update to current default of C++17
Flavors: r-devel-linux-x86_64-debian-clang, r-devel-linux-x86_64-debian-gcc, r-devel-linux-x86_64-fedora-clang, r-devel-linux-x86_64-fedora-gcc, r-devel-windows-x86_64