CRAN Package Check Results for Package epos

Last updated on 2022-05-20 01:51:04 CEST.

Flavor Version Tinstall Tcheck Ttotal Status Flags
r-devel-linux-x86_64-debian-clang 1.0 14.35 148.95 163.30 OK
r-devel-linux-x86_64-debian-gcc 1.0 11.09 111.10 122.19 OK
r-devel-linux-x86_64-fedora-clang 1.0 199.30 NOTE
r-devel-linux-x86_64-fedora-gcc 1.0 188.38 NOTE
r-devel-windows-x86_64 1.0 44.00 174.00 218.00 OK
r-patched-linux-x86_64 1.0 13.90 137.44 151.34 OK
r-release-linux-x86_64 1.0 11.25 137.84 149.09 OK
r-release-macos-arm64 1.0 54.00 NOTE
r-release-macos-x86_64 1.0 88.00 NOTE
r-release-windows-x86_64 1.0 37.00 181.00 218.00 OK
r-oldrel-macos-arm64 1.0 57.00 NOTE
r-oldrel-macos-x86_64 1.0 103.00 NOTE
r-oldrel-windows-ix86+x86_64 1.0 35.00 162.00 197.00 OK

Check Details

Version: 1.0
Check: dependencies in R code
Result: NOTE
    Namespace in Imports field not imported from: ‘testthat’
     All declared Imports should be used.
Flavors: r-devel-linux-x86_64-fedora-clang, r-devel-linux-x86_64-fedora-gcc, r-release-macos-arm64, r-release-macos-x86_64, r-oldrel-macos-arm64, r-oldrel-macos-x86_64

Version: 1.0
Check: data for non-ASCII characters
Result: NOTE
     Note: found 15 marked UTF-8 strings
Flavors: r-devel-linux-x86_64-fedora-clang, r-devel-linux-x86_64-fedora-gcc, r-release-macos-arm64, r-release-macos-x86_64, r-oldrel-macos-arm64, r-oldrel-macos-x86_64