Last updated on 2023-01-30 01:53:30 CET.
Flavor | Version | Tinstall | Tcheck | Ttotal | Status | Flags |
---|---|---|---|---|---|---|
r-devel-linux-x86_64-debian-clang | 0.6.1 | 4.65 | 51.70 | 56.35 | OK | |
r-devel-linux-x86_64-debian-gcc | 0.6.1 | 3.07 | 39.65 | 42.72 | OK | |
r-devel-linux-x86_64-fedora-clang | 0.6.1 | 71.07 | NOTE | |||
r-devel-linux-x86_64-fedora-gcc | 0.6.1 | 80.74 | OK | |||
r-devel-windows-x86_64 | 0.6.1 | 32.00 | 102.00 | 134.00 | OK | |
r-patched-linux-x86_64 | 0.6.1 | 3.20 | 49.11 | 52.31 | OK | |
r-release-linux-x86_64 | 0.6.1 | 3.59 | 50.11 | 53.70 | OK | |
r-release-macos-arm64 | 0.6.1 | 26.00 | OK | |||
r-release-macos-x86_64 | 0.6.1 | 35.00 | OK | |||
r-release-windows-x86_64 | 0.6.1 | 27.00 | 96.00 | 123.00 | OK | |
r-oldrel-macos-arm64 | 0.6.1 | 29.00 | OK | |||
r-oldrel-macos-x86_64 | 0.6.1 | 46.00 | OK | |||
r-oldrel-windows-ix86+x86_64 | 0.6.1 | 10.00 | 79.00 | 89.00 | OK |
Version: 0.6.1
Check: Rd cross-references
Result: NOTE
Undeclared package ‘OpenMx’ in Rd xrefs
Flavor: r-devel-linux-x86_64-fedora-clang