CRAN Package Check Results for Package ercv

Last updated on 2024-06-25 08:48:15 CEST.

Flavor Version Tinstall Tcheck Ttotal Status Flags
r-devel-linux-x86_64-debian-clang 1.0.1 2.56 35.88 38.44 NOTE
r-devel-linux-x86_64-debian-gcc 1.0.1 2.32 26.64 28.96 NOTE
r-devel-linux-x86_64-fedora-clang 1.0.1 49.53 NOTE
r-devel-linux-x86_64-fedora-gcc 1.0.1 46.01 NOTE
r-devel-windows-x86_64 1.0.1 4.00 50.00 54.00 NOTE
r-patched-linux-x86_64 1.0.1 3.82 34.18 38.00 NOTE
r-release-linux-x86_64 1.0.1 2.45 34.95 37.40 NOTE
r-release-macos-arm64 1.0.1 17.00 NOTE
r-release-macos-x86_64 1.0.1 25.00 NOTE
r-release-windows-x86_64 1.0.1 4.00 57.00 61.00 NOTE
r-oldrel-macos-arm64 1.0.1 19.00 OK
r-oldrel-macos-x86_64 1.0.1 26.00 OK
r-oldrel-windows-x86_64 1.0.1 4.00 52.00 56.00 OK

Check Details

Version: 1.0.1
Check: Rd files
Result: NOTE checkRd: (-1) Tm.Rd:46-48: Lost braces in \itemize; \value handles \item{}{} directly checkRd: (-1) Tm.Rd:49-51: Lost braces in \itemize; \value handles \item{}{} directly checkRd: (-1) Tm.Rd:52-54: Lost braces in \itemize; \value handles \item{}{} directly checkRd: (-1) Tm.Rd:55-57: Lost braces in \itemize; \value handles \item{}{} directly checkRd: (-1) Tm.Rd:58-60: Lost braces in \itemize; \value handles \item{}{} directly checkRd: (-1) fitpot.Rd:36-39: Lost braces in \itemize; \value handles \item{}{} directly checkRd: (-1) fitpot.Rd:40-42: Lost braces in \itemize; \value handles \item{}{} directly checkRd: (-1) fitpot.Rd:43-46: Lost braces in \itemize; \value handles \item{}{} directly checkRd: (-1) fitpot.Rd:47-49: Lost braces in \itemize; \value handles \item{}{} directly checkRd: (-1) thrselect.Rd:54-56: Lost braces in \itemize; \value handles \item{}{} directly checkRd: (-1) thrselect.Rd:57-59: Lost braces in \itemize; \value handles \item{}{} directly checkRd: (-1) thrselect.Rd:60-62: Lost braces in \itemize; \value handles \item{}{} directly checkRd: (-1) thrselect.Rd:63-65: Lost braces in \itemize; \value handles \item{}{} directly checkRd: (-1) thrselect.Rd:66-68: Lost braces in \itemize; \value handles \item{}{} directly checkRd: (-1) thrselect.Rd:69-71: Lost braces in \itemize; \value handles \item{}{} directly checkRd: (-1) thrselect.Rd:72-74: Lost braces in \itemize; \value handles \item{}{} directly checkRd: (-1) thrselect.Rd:75-77: Lost braces in \itemize; \value handles \item{}{} directly Flavors: r-devel-linux-x86_64-debian-clang, r-devel-linux-x86_64-debian-gcc, r-devel-linux-x86_64-fedora-clang, r-devel-linux-x86_64-fedora-gcc, r-devel-windows-x86_64, r-patched-linux-x86_64, r-release-linux-x86_64, r-release-macos-arm64, r-release-macos-x86_64, r-release-windows-x86_64