CRAN Package Check Results for Package ergMargins

Last updated on 2020-08-08 02:03:00 CEST.

Flavor Version Tinstall Tcheck Ttotal Status Flags
r-devel-linux-x86_64-debian-clang 0.1.1 5.79 34.84 40.63 OK
r-devel-linux-x86_64-debian-gcc 0.1.1 4.23 26.80 31.03 OK
r-devel-linux-x86_64-fedora-clang 0.1.1 55.54 NOTE
r-devel-linux-x86_64-fedora-gcc 0.1.1 46.18 NOTE
r-devel-windows-ix86+x86_64 0.1.1 17.00 47.00 64.00 OK
r-patched-linux-x86_64 0.1.1 4.85 34.87 39.72 OK
r-patched-solaris-x86 0.1.1 68.50 NOTE
r-release-linux-x86_64 0.1.1 4.91 34.54 39.45 OK
r-release-macos-x86_64 0.1.1 NOTE
r-release-windows-ix86+x86_64 0.1.1 15.00 68.00 83.00 OK
r-oldrel-macos-x86_64 0.1.1 NOTE
r-oldrel-windows-ix86+x86_64 0.1.1 7.00 41.00 48.00 OK

Check Details

Version: 0.1.1
Check: dependencies in R code
Result: NOTE
    Namespaces in Imports field not imported from:
     ‘btergm’ ‘methods’ ‘sna’ ‘statnet’
     All declared Imports should be used.
Flavors: r-devel-linux-x86_64-fedora-clang, r-devel-linux-x86_64-fedora-gcc, r-patched-solaris-x86, r-release-macos-x86_64, r-oldrel-macos-x86_64

Version: 0.1.1
Check: Rd cross-references
Result: NOTE
    Undeclared package ‘margins’ in Rd xrefs
Flavor: r-devel-linux-x86_64-fedora-clang