CRAN Package Check Results for Package ergMargins

Last updated on 2019-11-21 00:49:56 CET.

Flavor Version Tinstall Tcheck Ttotal Status Flags
r-devel-linux-x86_64-debian-clang 0.1.0 3.69 34.21 37.90 OK
r-devel-linux-x86_64-debian-gcc 0.1.0 4.09 27.58 31.67 OK
r-devel-linux-x86_64-fedora-clang 0.1.0 48.27 NOTE
r-devel-linux-x86_64-fedora-gcc 0.1.0 48.51 NOTE
r-devel-windows-ix86+x86_64 0.1.0 15.00 67.00 82.00 OK
r-devel-windows-ix86+x86_64-gcc8 0.1.0 12.00 47.00 59.00 OK
r-patched-linux-x86_64 0.1.0 4.15 32.99 37.14 OK
r-patched-solaris-x86 0.1.0 63.80 NOTE
r-release-linux-x86_64 0.1.0 3.87 33.07 36.94 OK
r-release-windows-ix86+x86_64 0.1.0 11.00 67.00 78.00 OK
r-release-osx-x86_64 0.1.0 NOTE
r-oldrel-windows-ix86+x86_64 0.1.0 5.00 44.00 49.00 OK
r-oldrel-osx-x86_64 0.1.0 NOTE

Check Details

Version: 0.1.0
Check: dependencies in R code
Result: NOTE
    Namespace in Imports field not imported from: ‘statnet’
     All declared Imports should be used.
Flavors: r-devel-linux-x86_64-fedora-clang, r-devel-linux-x86_64-fedora-gcc, r-patched-solaris-x86, r-release-osx-x86_64, r-oldrel-osx-x86_64