CRAN Package Check Results for Package ergm

Last updated on 2020-06-05 01:50:01 CEST.

Flavor Version Tinstall Tcheck Ttotal Status Flags
r-devel-linux-x86_64-debian-clang 3.10.4 61.53 621.79 683.32 OK
r-devel-linux-x86_64-debian-gcc 3.10.4 48.62 476.05 524.67 OK
r-devel-linux-x86_64-fedora-clang 3.10.4 821.51 NOTE
r-devel-linux-x86_64-fedora-gcc 3.10.4 796.56 OK
r-devel-windows-ix86+x86_64 3.10.4 173.00 236.00 409.00 OK --no-examples --no-tests --no-vignettes
r-patched-linux-x86_64 3.10.4 57.06 590.34 647.40 OK
r-patched-solaris-x86 3.10.4 1186.30 OK
r-release-linux-x86_64 3.10.4 61.30 589.42 650.72 OK
r-release-osx-x86_64 3.10.4 NOTE
r-release-windows-ix86+x86_64 3.10.4 123.00 175.00 298.00 OK --no-examples --no-tests --no-vignettes
r-oldrel-osx-x86_64 3.10.4 NOTE
r-oldrel-windows-ix86+x86_64 3.10.4 155.00 154.00 309.00 OK --no-examples --no-tests --no-vignettes

Check Details

Version: 3.10.4
Check: installed package size
Result: NOTE
     installed size is 5.6Mb
     sub-directories of 1Mb or more:
     doc 1.6Mb
     libs 2.1Mb
Flavors: r-devel-linux-x86_64-fedora-clang, r-release-osx-x86_64, r-oldrel-osx-x86_64

Version: 3.10.4
Check: package dependencies
Result: NOTE
    Package suggested but not available for checking: ‘Rmpi’
Flavors: r-release-osx-x86_64, r-oldrel-osx-x86_64