CRAN Package Check Results for Package ergm

Last updated on 2019-10-15 01:50:18 CEST.

Flavor Version Tinstall Tcheck Ttotal Status Flags
r-devel-linux-x86_64-debian-clang 3.10.4 59.23 583.66 642.89 OK
r-devel-linux-x86_64-debian-gcc 3.10.4 48.02 450.73 498.75 OK
r-devel-linux-x86_64-fedora-clang 3.10.4 762.78 NOTE
r-devel-linux-x86_64-fedora-gcc 3.10.4 757.02 OK
r-devel-windows-ix86+x86_64 3.10.4 119.00 246.00 365.00 OK --no-examples --no-tests --no-vignettes
r-patched-linux-x86_64 3.10.4 51.11 559.06 610.17 OK
r-patched-solaris-x86 3.10.4 1136.60 OK
r-release-linux-x86_64 3.10.4 52.74 564.26 617.00 OK
r-release-windows-ix86+x86_64 3.10.4 156.00 166.00 322.00 OK --no-examples --no-tests --no-vignettes
r-release-osx-x86_64 3.10.4 NOTE
r-oldrel-windows-ix86+x86_64 3.10.4 108.00 213.00 321.00 OK --no-examples --no-tests --no-vignettes
r-oldrel-osx-x86_64 3.10.4 ERROR

Check Details

Version: 3.10.4
Check: installed package size
Result: NOTE
     installed size is 5.6Mb
     sub-directories of 1Mb or more:
     doc 1.6Mb
     libs 2.1Mb
Flavors: r-devel-linux-x86_64-fedora-clang, r-release-osx-x86_64

Version: 3.10.4
Check: package dependencies
Result: NOTE
    Package suggested but not available for checking: ‘Rmpi’
Flavor: r-release-osx-x86_64

Version: 3.10.4
Check: package dependencies
Result: ERROR
    Package required and available but unsuitable version: ‘MASS’
    
    Package suggested but not available for checking: ‘Rmpi’
    
    See section ‘The DESCRIPTION file’ in the ‘Writing R Extensions’
    manual.
Flavor: r-oldrel-osx-x86_64