CRAN Package Check Results for Package ergm

Last updated on 2020-08-05 01:50:41 CEST.

Flavor Version Tinstall Tcheck Ttotal Status Flags
r-devel-linux-x86_64-debian-clang 3.10.4 60.08 617.78 677.86 OK
r-devel-linux-x86_64-debian-gcc 3.10.4 51.26 474.09 525.35 OK
r-devel-linux-x86_64-fedora-clang 3.10.4 809.44 NOTE
r-devel-linux-x86_64-fedora-gcc 3.10.4 796.51 OK
r-devel-windows-ix86+x86_64 3.10.4 163.00 182.00 345.00 OK --no-examples --no-tests --no-vignettes
r-patched-linux-x86_64 3.10.4 61.84 590.90 652.74 OK
r-patched-solaris-x86 3.10.4 1171.90 OK
r-release-linux-x86_64 3.10.4 58.69 597.21 655.90 ERROR
r-release-macos-x86_64 3.10.4 NOTE
r-release-windows-ix86+x86_64 3.10.4 172.00 250.00 422.00 OK --no-examples --no-tests --no-vignettes
r-oldrel-macos-x86_64 3.10.4 NOTE
r-oldrel-windows-ix86+x86_64 3.10.4 133.00 228.00 361.00 OK --no-examples --no-tests --no-vignettes

Check Details

Version: 3.10.4
Check: installed package size
Result: NOTE
     installed size is 5.6Mb
     sub-directories of 1Mb or more:
     doc 1.6Mb
     libs 2.1Mb
Flavors: r-devel-linux-x86_64-fedora-clang, r-release-macos-x86_64, r-oldrel-macos-x86_64

Version: 3.10.4
Check: tests
Result: ERROR
     Running ‘constrain_degrees_edges.R’ [6s/6s]
     Running ‘constrain_dind.R’ [4s/5s]
     Running ‘constraint_conflict.R’ [3s/4s]
     Running ‘constraint_generalized.R’ [0s/1s]
     Running ‘drop_tests.R’ [0s/1s]
     Running ‘ergmMPLEtest.R’ [3s/4s]
     Running ‘ergm_term_doc_test.R’ [6s/6s]
     Running ‘fix.curved.R’ [3s/3s]
     Running ‘gw_sp_tests.R’ [11s/13s]
     Running ‘hamming_termtests.R’ [6s/6s]
     Running ‘miss_tests.CD.R’ [0s/1s]
     Running ‘miss_tests.R’ [0s/1s]
     Running ‘mle_offset.R’ [0s/1s]
     Running ‘mple_largenetwork.R’ [0s/1s]
     Running ‘mple_offset.R’ [0s/1s]
     Running ‘nodemix.R’ [3s/3s]
     Running ‘nodrop.R’ [0s/1s]
     Running ‘parallel.R’ [0s/1s]
     Running ‘requireNamespaceTest.R’ [3s/3s]
     Running ‘runtime_diags.R’ [0s/1s]
     Running ‘scoping.R’ [0s/1s]
     Running ‘simpletests.R’ [0s/1s]
     Running ‘steppingtest.R’ [0s/1s]
     Running ‘stocapprox.R’ [0s/1s]
     Running ‘target_offset.R’ [18s/20s]
     Running ‘termTests.b12nodematch.R’ [4s/4s]
     Running ‘termTests.bipartite.R’ [9s/9s]
     Running ‘termTests.directed.R’ [8s/8s]
     Running ‘termTests.flexible.R’ [12s/13s]
     Running ‘termTests.undirected.R’ [5s/6s]
     Running ‘termTests.valued.R’ [14s/16s]
     Running ‘testgflomiss.R’ [0s/1s]
     Running ‘testgmonkmiss.R’ [0s/1s]
     Running ‘testthat.R’ [34s/36s]
     Running ‘utils_tests.R’ [3s/4s]
     Running ‘valued_sim.R’ [7s/9s]
    Running the tests in ‘tests/testthat.R’ failed.
    Complete output:
     > # File tests/testthat.R in package ergm, part of the Statnet suite
     > # of packages for network analysis, https://statnet.org .
     > #
     > # This software is distributed under the GPL-3 license. It is free,
     > # open source, and has the attribution requirements (GPL Section 7) at
     > # https://statnet.org/attribution
     > #
     > # Copyright 2003-2019 Statnet Commons
     > #######################################################################
     > library(testthat)
     > library(ergm)
     Loading required package: network
     network: Classes for Relational Data
     Version 1.16.0 created on 2019-11-30.
     copyright (c) 2005, Carter T. Butts, University of California-Irvine
     Mark S. Handcock, University of California -- Los Angeles
     David R. Hunter, Penn State University
     Martina Morris, University of Washington
     Skye Bender-deMoll, University of Washington
     For citation information, type citation("network").
     Type help("network-package") to get started.
    
    
     ergm: version 3.10.4, created on 2019-06-10
     Copyright (c) 2019, Mark S. Handcock, University of California -- Los Angeles
     David R. Hunter, Penn State University
     Carter T. Butts, University of California -- Irvine
     Steven M. Goodreau, University of Washington
     Pavel N. Krivitsky, University of Wollongong
     Martina Morris, University of Washington
     with contributions from
     Li Wang
     Kirk Li, University of Washington
     Skye Bender-deMoll, University of Washington
     Chad Klumb
     Based on "statnet" project software (statnet.org).
     For license and citation information see statnet.org/attribution
     or type citation("ergm").
    
     NOTE: Versions before 3.6.1 had a bug in the implementation of the bd()
     constriant which distorted the sampled distribution somewhat. In
     addition, Sampson's Monks datasets had mislabeled vertices. See the
     NEWS and the documentation for more details.
    
     NOTE: Some common term arguments pertaining to vertex attribute and
     level selection have changed in 3.10.0. See terms help for more
     details. Use 'options(ergm.term=list(version="3.9.4"))' to use old
     behavior.
    
     >
     > test_check("ergm")
     ── 1. Failure: Bounded degree (bd()) constraints for directed networks (@test-bd
     >... isn't true.
    
     [1] 350 50 250
     Structural check:
     Mean degree: 1.4 .
     Average degree among nodes with degree 2 or higher: 2.25 .
     ══ testthat results ═══════════════════════════════════════════════════════════
     [ OK: 51 | SKIPPED: 2 | WARNINGS: 3 | FAILED: 1 ]
     1. Failure: Bounded degree (bd()) constraints for directed networks (@test-bd.R#37)
    
     Error: testthat unit tests failed
     Execution halted
Flavor: r-release-linux-x86_64

Version: 3.10.4
Check: package dependencies
Result: NOTE
    Package suggested but not available for checking: ‘Rmpi’
Flavors: r-release-macos-x86_64, r-oldrel-macos-x86_64