CRAN Package Check Results for Package err

Last updated on 2024-02-22 07:52:09 CET.

Flavor Version Tinstall Tcheck Ttotal Status Flags
r-devel-linux-x86_64-debian-clang 0.2.0 NOTE
r-devel-linux-x86_64-debian-gcc 0.2.0 1.64 18.64 20.28 NOTE
r-devel-linux-x86_64-fedora-clang 0.2.0 32.46 NOTE
r-devel-linux-x86_64-fedora-gcc 0.2.0 32.18 NOTE
r-devel-windows-x86_64 0.2.0 3.00 40.00 43.00 NOTE
r-patched-linux-x86_64 0.2.0 2.61 23.58 26.19 NOTE
r-release-linux-x86_64 0.2.0 1.98 23.59 25.57 NOTE
r-release-macos-arm64 0.2.0 16.00 NOTE
r-release-macos-x86_64 0.2.0 20.00 NOTE
r-release-windows-x86_64 0.2.0 4.00 42.00 46.00 NOTE
r-oldrel-macos-arm64 0.2.0 15.00 NOTE
r-oldrel-windows-x86_64 0.2.0 3.00 45.00 48.00 NOTE

Check Details

Version: 0.2.0
Check: LazyData
Result: NOTE 'LazyData' is specified without a 'data' directory Flavors: r-devel-linux-x86_64-debian-clang, r-devel-linux-x86_64-debian-gcc, r-devel-linux-x86_64-fedora-clang, r-devel-linux-x86_64-fedora-gcc, r-devel-windows-x86_64, r-patched-linux-x86_64, r-release-linux-x86_64, r-release-macos-arm64, r-release-macos-x86_64, r-release-windows-x86_64, r-oldrel-macos-arm64, r-oldrel-windows-x86_64