CRAN Package Check Results for Package errint

Last updated on 2023-02-02 00:54:42 CET.

Flavor Version Tinstall Tcheck Ttotal Status Flags
r-devel-linux-x86_64-debian-clang 1.0 3.68 54.54 58.22 NOTE
r-devel-linux-x86_64-debian-gcc 1.0 3.56 42.04 45.60 NOTE
r-devel-linux-x86_64-fedora-clang 1.0 73.82 NOTE
r-devel-linux-x86_64-fedora-gcc 1.0 72.30 NOTE
r-patched-linux-x86_64 1.0 5.09 53.05 58.14 NOTE
r-release-linux-x86_64 1.0 4.38 52.62 57.00 NOTE
r-release-macos-arm64 1.0 21.00 NOTE
r-release-macos-x86_64 1.0 32.00 NOTE
r-release-windows-x86_64 1.0 20.00 88.00 108.00 NOTE
r-oldrel-macos-arm64 1.0 27.00 NOTE
r-oldrel-macos-x86_64 1.0 45.00 NOTE
r-oldrel-windows-ix86+x86_64 1.0 10.00 80.00 90.00 NOTE

Check Details

Version: 1.0
Check: LazyData
Result: NOTE
     'LazyData' is specified without a 'data' directory
Flavors: r-devel-linux-x86_64-debian-clang, r-devel-linux-x86_64-debian-gcc, r-devel-linux-x86_64-fedora-clang, r-devel-linux-x86_64-fedora-gcc, r-patched-linux-x86_64, r-release-linux-x86_64, r-release-macos-arm64, r-release-macos-x86_64, r-release-windows-x86_64, r-oldrel-macos-arm64, r-oldrel-macos-x86_64, r-oldrel-windows-ix86+x86_64