CRAN Package Check Results for Package errorizer

Last updated on 2020-04-09 01:53:11 CEST.

Flavor Version Tinstall Tcheck Ttotal Status Flags
r-devel-linux-x86_64-debian-clang 0.2.1 1.64 19.69 21.33 NOTE
r-devel-linux-x86_64-debian-gcc 0.2.1 1.40 15.72 17.12 NOTE
r-devel-linux-x86_64-fedora-clang 0.2.1 28.09 OK
r-devel-linux-x86_64-fedora-gcc 0.2.1 25.98 OK
r-devel-windows-ix86+x86_64 0.2.1 5.00 51.00 56.00 NOTE
r-devel-windows-ix86+x86_64-gcc8 0.2.1 5.00 32.00 37.00 NOTE
r-patched-linux-x86_64 0.2.1 1.79 19.30 21.09 NOTE
r-patched-solaris-x86 0.2.1 42.10 OK
r-release-linux-x86_64 0.2.1 1.25 18.29 19.54 OK
r-release-windows-ix86+x86_64 0.2.1 4.00 50.00 54.00 OK
r-release-osx-x86_64 0.2.1 OK
r-oldrel-windows-ix86+x86_64 0.2.1 3.00 42.00 45.00 OK
r-oldrel-osx-x86_64 0.2.1 OK

Check Details

Version: 0.2.1
Check: package vignettes
Result: NOTE
    Package vignette with placeholder title 'Vignette Title':
     'errorize.Rmd'
Flavors: r-devel-linux-x86_64-debian-clang, r-devel-linux-x86_64-debian-gcc, r-devel-windows-ix86+x86_64, r-devel-windows-ix86+x86_64-gcc8, r-patched-linux-x86_64