CRAN Package Check Results for Package esc

Last updated on 2022-01-16 01:07:00 CET.

Flavor Version Tinstall Tcheck Ttotal Status Flags
r-devel-linux-x86_64-debian-clang 0.5.1 2.50 37.17 39.67 OK
r-devel-linux-x86_64-debian-gcc 0.5.1 2.21 29.00 31.21 OK
r-devel-linux-x86_64-fedora-clang 0.5.1 52.47 NOTE
r-devel-linux-x86_64-fedora-gcc 0.5.1 40.64 OK
r-devel-windows-x86_64-new-UL 0.5.1 29.00 68.00 97.00 OK
r-devel-windows-x86_64-new-TK 0.5.1 OK
r-patched-linux-x86_64 0.5.1 3.34 35.28 38.62 OK
r-release-linux-x86_64 0.5.1 2.71 35.19 37.90 OK
r-release-macos-arm64 0.5.1 OK
r-release-macos-x86_64 0.5.1 OK
r-release-windows-ix86+x86_64 0.5.1 7.00 34.00 41.00 OK
r-oldrel-macos-x86_64 0.5.1 OK
r-oldrel-windows-ix86+x86_64 0.5.1 6.00 33.00 39.00 OK

Check Details

Version: 0.5.1
Check: Rd cross-references
Result: NOTE
    Undeclared package ‘metafor’ in Rd xrefs
Flavor: r-devel-linux-x86_64-fedora-clang