CRAN Package Check Results for Package eseis

Last updated on 2020-02-17 00:49:09 CET.

Flavor Version Tinstall Tcheck Ttotal Status Flags
r-devel-linux-x86_64-debian-clang 0.5.0 36.07 116.75 152.82 OK
r-devel-linux-x86_64-debian-gcc 0.5.0 22.83 89.66 112.49 OK
r-devel-linux-x86_64-fedora-clang 0.5.0 256.33 OK
r-devel-linux-x86_64-fedora-gcc 0.5.0 243.76 OK
r-devel-windows-ix86+x86_64 0.5.0 76.00 182.00 258.00 OK
r-devel-windows-ix86+x86_64-gcc8 0.5.0 126.00 230.00 356.00 OK
r-patched-linux-x86_64 0.5.0 26.45 105.70 132.15 OK
r-patched-solaris-x86 0.5.0 209.50 OK
r-release-linux-x86_64 0.5.0 27.80 106.19 133.99 OK
r-release-windows-ix86+x86_64 0.5.0 61.00 165.00 226.00 OK
r-release-osx-x86_64 0.5.0 NOTE
r-oldrel-windows-ix86+x86_64 0.4.0 43.00 171.00 214.00 OK
r-oldrel-osx-x86_64 0.5.0 ERROR

Check Details

Version: 0.5.0
Check: dependencies in R code
Result: NOTE
    No protocol specified
Flavor: r-release-osx-x86_64

Version: 0.5.0
Check: whether package can be installed
Result: ERROR
    Installation failed.
Flavor: r-oldrel-osx-x86_64