CRAN Package Check Results for Package eseis

Last updated on 2022-06-25 01:48:59 CEST.

Flavor Version Tinstall Tcheck Ttotal Status Flags
r-devel-linux-x86_64-debian-clang 0.6.0 59.28 217.87 277.15 OK
r-devel-linux-x86_64-debian-gcc 0.6.0 45.94 164.70 210.64 OK
r-devel-linux-x86_64-fedora-clang 0.6.0 381.89 NOTE
r-devel-linux-x86_64-fedora-gcc 0.6.0 364.93 NOTE
r-devel-windows-x86_64 0.6.0 313.00 362.00 675.00 OK
r-patched-linux-x86_64 0.6.0 54.72 212.41 267.13 OK
r-release-linux-x86_64 0.6.0 48.57 215.50 264.07 OK
r-release-macos-arm64 0.6.0 80.00 NOTE
r-release-macos-x86_64 0.6.0 158.00 NOTE
r-release-windows-x86_64 0.6.0 253.00 272.00 525.00 OK
r-oldrel-macos-arm64 0.6.0 114.00 NOTE
r-oldrel-macos-x86_64 0.6.0 112.00 NOTE
r-oldrel-windows-ix86+x86_64 0.6.0 143.00 357.00 500.00 OK

Check Details

Version: 0.6.0
Check: dependencies in R code
Result: NOTE
    Namespaces in Imports field not imported from:
     ‘EMMAgeo’ ‘limSolve’ ‘shinyFiles’
     All declared Imports should be used.
Flavors: r-devel-linux-x86_64-fedora-clang, r-devel-linux-x86_64-fedora-gcc, r-release-macos-arm64, r-release-macos-x86_64, r-oldrel-macos-arm64, r-oldrel-macos-x86_64