CRAN Package Check Results for Package eseis

Last updated on 2020-05-31 01:48:39 CEST.

Flavor Version Tinstall Tcheck Ttotal Status Flags
r-devel-linux-x86_64-debian-clang 0.5.0 39.05 166.71 205.76 OK
r-devel-linux-x86_64-debian-gcc 0.5.0 31.00 129.24 160.24 OK
r-devel-linux-x86_64-fedora-clang 0.5.0 281.85 OK
r-devel-linux-x86_64-fedora-gcc 0.5.0 287.37 OK
r-devel-windows-ix86+x86_64 0.5.0 101.00 321.00 422.00 OK
r-patched-linux-x86_64 0.5.0 32.61 164.63 197.24 OK
r-patched-solaris-x86 0.5.0 280.40 OK
r-release-linux-x86_64 0.5.0 34.11 167.01 201.12 OK
r-release-osx-x86_64 0.5.0 OK
r-release-windows-ix86+x86_64 0.5.0 82.00 271.00 353.00 OK
r-oldrel-osx-x86_64 0.5.0 NOTE
r-oldrel-windows-ix86+x86_64 0.5.0 79.00 241.00 320.00 OK

Check Details

Version: 0.5.0
Check: dependencies in R code
Result: NOTE
    No protocol specified
Flavor: r-oldrel-osx-x86_64