CRAN Package Check Results for Package estatapi

Last updated on 2020-04-06 01:47:53 CEST.

Flavor Version Tinstall Tcheck Ttotal Status Flags
r-devel-linux-x86_64-debian-clang 0.3.0 4.59 47.80 52.39 ERROR
r-devel-linux-x86_64-debian-gcc 0.3.0 0.29 1.93 2.22 ERROR
r-devel-linux-x86_64-fedora-clang 0.3.0 58.44 ERROR
r-devel-linux-x86_64-fedora-gcc 0.3.0 62.63 ERROR
r-devel-windows-ix86+x86_64 0.3.0 13.00 48.00 61.00 OK
r-devel-windows-ix86+x86_64-gcc8 0.3.0 12.00 52.00 64.00 OK
r-patched-linux-x86_64 0.3.0 4.77 46.84 51.61 ERROR
r-patched-solaris-x86 0.3.0 80.20 ERROR
r-release-linux-x86_64 0.3.0 3.34 43.25 46.59 ERROR
r-release-windows-ix86+x86_64 0.3.0 10.00 80.00 90.00 ERROR
r-release-osx-x86_64 0.3.0 OK
r-oldrel-windows-ix86+x86_64 0.3.0 6.00 56.00 62.00 ERROR
r-oldrel-osx-x86_64 0.3.0 OK

Check Details

Version: 0.3.0
Check: tests
Result: ERROR
     Running 'testthat.R' [13s/15s]
    Running the tests in 'tests/testthat.R' failed.
    Complete output:
     > library(testthat)
     > library(estatapi)
     <U+3053><U+306E><U+30B5><U+30FC><U+30D3><U+30B9><U+306F><U+3001><U+653F><U+5E9C><U+7D71><U+8A08><U+7DCF><U+5408><U+7A93><U+53E3>(e-Stat)<U+306E>API<U+6A5F><U+80FD><U+3092><U+4F7F><U+7528><U+3057><U+3066><U+3044><U+307E><U+3059><U+304C><U+3001><U+30B5><U+30FC><U+30D3><U+30B9><U+306E><U+5185><U+5BB9><U+306F><U+56FD><U+306B><U+3088><U+3063><U+3066><U+4FDD><U+8A3C><U+3055><U+308C><U+305F><U+3082><U+306E><U+3067><U+306F><U+3042><U+308A><U+307E><U+305B><U+3093><U+3002>
     >
     > test_check("estatapi")
     -- 1. Failure: estat_getStatsData processes the API response as expected ------
     estat_getStatsData(...) not identical to readRDS("result_getStatsData.rds").
     Objects equal but not identical
    
     == testthat results ===========================================================
     [ OK: 22 | SKIPPED: 12 | WARNINGS: 7 | FAILED: 1 ]
     1. Failure: estat_getStatsData processes the API response as expected
    
     Error: testthat unit tests failed
     Execution halted
Flavor: r-devel-linux-x86_64-debian-clang

Version: 0.3.0
Check: whether package can be installed
Result: ERROR
    Installation failed.
Flavor: r-devel-linux-x86_64-debian-gcc

Version: 0.3.0
Check: tests
Result: ERROR
     Running ‘testthat.R’ [6s/17s]
    Running the tests in ‘tests/testthat.R’ failed.
    Complete output:
     > library(testthat)
     > library(estatapi)
     このサービスは、政府統計総合窓口(e-Stat)のAPI機能を使用していますが、サービスの内容は国によって保証されたものではありません。
     >
     > test_check("estatapi")
     ── 1. Failure: estat_getStatsData processes the API response as expected ──────
     estat_getStatsData(...) not identical to readRDS("result_getStatsData.rds").
     Objects equal but not identical
    
     ══ testthat results ═══════════════════════════════════════════════════════════
     [ OK: 22 | SKIPPED: 12 | WARNINGS: 7 | FAILED: 1 ]
     1. Failure: estat_getStatsData processes the API response as expected
    
     Error: testthat unit tests failed
     Execution halted
Flavor: r-devel-linux-x86_64-fedora-clang

Version: 0.3.0
Check: tests
Result: ERROR
     Running ‘testthat.R’ [15s/36s]
    Running the tests in ‘tests/testthat.R’ failed.
    Complete output:
     > library(testthat)
     > library(estatapi)
     このサービスは、政府統計総合窓口(e-Stat)のAPI機能を使用していますが、サービスの内容は国によって保証されたものではありません。
     >
     > test_check("estatapi")
     ── 1. Failure: estat_getStatsData processes the API response as expected ──────
     estat_getStatsData(...) not identical to readRDS("result_getStatsData.rds").
     Objects equal but not identical
    
     ══ testthat results ═══════════════════════════════════════════════════════════
     [ OK: 22 | SKIPPED: 12 | WARNINGS: 7 | FAILED: 1 ]
     1. Failure: estat_getStatsData processes the API response as expected
    
     Error: testthat unit tests failed
     Execution halted
Flavor: r-devel-linux-x86_64-fedora-gcc

Version: 0.3.0
Check: tests
Result: ERROR
     Running ‘testthat.R’ [13s/14s]
    Running the tests in ‘tests/testthat.R’ failed.
    Complete output:
     > library(testthat)
     > library(estatapi)
     このサービスは、政府統計総合窓口(e-Stat)のAPI機能を使用していますが、サービスの内容は国によって保証されたものではありません。
     >
     > test_check("estatapi")
     ── 1. Failure: estat_getStatsData processes the API response as expected ──────
     estat_getStatsData(...) not identical to readRDS("result_getStatsData.rds").
     Objects equal but not identical
    
     ══ testthat results ═══════════════════════════════════════════════════════════
     [ OK: 22 | SKIPPED: 12 | WARNINGS: 7 | FAILED: 1 ]
     1. Failure: estat_getStatsData processes the API response as expected
    
     Error: testthat unit tests failed
     Execution halted
Flavor: r-patched-linux-x86_64

Version: 0.3.0
Check: tests
Result: ERROR
     Running ‘testthat.R’
    Running the tests in ‘tests/testthat.R’ failed.
    Complete output:
     > library(testthat)
     > library(estatapi)
     このサービスは、政府統計総合窓口(e-Stat)のAPI機能を使用していますが、サービスの内容は国によって保証されたものではありません。
     >
     > test_check("estatapi")
     ── 1. Failure: estat_getStatsData processes the API response as expected ──────
     estat_getStatsData(...) not identical to readRDS("result_getStatsData.rds").
     Objects equal but not identical
    
     ══ testthat results ═══════════════════════════════════════════════════════════
     [ OK: 22 | SKIPPED: 12 | WARNINGS: 7 | FAILED: 1 ]
     1. Failure: estat_getStatsData processes the API response as expected
    
     Error: testthat unit tests failed
     Execution halted
Flavor: r-patched-solaris-x86

Version: 0.3.0
Check: tests
Result: ERROR
     Running ‘testthat.R’ [11s/13s]
    Running the tests in ‘tests/testthat.R’ failed.
    Complete output:
     > library(testthat)
     > library(estatapi)
     このサービスは、政府統計総合窓口(e-Stat)のAPI機能を使用していますが、サービスの内容は国によって保証されたものではありません。
     >
     > test_check("estatapi")
     ── 1. Failure: estat_getStatsData processes the API response as expected ──────
     estat_getStatsData(...) not identical to readRDS("result_getStatsData.rds").
     Objects equal but not identical
    
     ══ testthat results ═══════════════════════════════════════════════════════════
     [ OK: 22 | SKIPPED: 12 | WARNINGS: 7 | FAILED: 1 ]
     1. Failure: estat_getStatsData processes the API response as expected
    
     Error: testthat unit tests failed
     Execution halted
Flavor: r-release-linux-x86_64

Version: 0.3.0
Check: tests
Result: ERROR
     Running 'testthat.R' [7s]
    Running the tests in 'tests/testthat.R' failed.
    Complete output:
     > library(testthat)
     > library(estatapi)
     <U+3053><U+306E><U+30B5><U+30FC><U+30D3><U+30B9><U+306F><U+3001><U+653F><U+5E9C><U+7D71><U+8A08><U+7DCF><U+5408><U+7A93><U+53E3>(e-Stat)<U+306E>API<U+6A5F><U+80FD><U+3092><U+4F7F><U+7528><U+3057><U+3066><U+3044><U+307E><U+3059><U+304C><U+3001><U+30B5><U+30FC><U+30D3><U+30B9><U+306E><U+5185><U+5BB9><U+306F><U+56FD><U+306B><U+3088><U+3063><U+3066><U+4FDD><U+8A3C><U+3055><U+308C><U+305F><U+3082><U+306E><U+3067><U+306F><U+3042><U+308A><U+307E><U+305B><U+3093><U+3002>
     >
     > test_check("estatapi")
     -- 1. Failure: estat_getStatsData processes the API response as expected ------
     estat_getStatsData(...) not identical to readRDS("result_getStatsData.rds").
     Objects equal but not identical
    
     == testthat results ===========================================================
     [ OK: 22 | SKIPPED: 12 | WARNINGS: 7 | FAILED: 1 ]
     1. Failure: estat_getStatsData processes the API response as expected
    
     Error: testthat unit tests failed
     Execution halted
Flavor: r-release-windows-ix86+x86_64

Version: 0.3.0
Check: tests
Result: ERROR
     Running 'testthat.R' [6s]
    Running the tests in 'tests/testthat.R' failed.
    Complete output:
     > library(testthat)
     > library(estatapi)
     <U+3053><U+306E><U+30B5><U+30FC><U+30D3><U+30B9><U+306F><U+3001><U+653F><U+5E9C><U+7D71><U+8A08><U+7DCF><U+5408><U+7A93><U+53E3>(e-Stat)<U+306E>API<U+6A5F><U+80FD><U+3092><U+4F7F><U+7528><U+3057><U+3066><U+3044><U+307E><U+3059><U+304C><U+3001><U+30B5><U+30FC><U+30D3><U+30B9><U+306E><U+5185><U+5BB9><U+306F><U+56FD><U+306B><U+3088><U+3063><U+3066><U+4FDD><U+8A3C><U+3055><U+308C><U+305F><U+3082><U+306E><U+3067><U+306F><U+3042><U+308A><U+307E><U+305B><U+3093><U+3002>
     >
     > test_check("estatapi")
     -- 1. Failure: estat_getStatsData processes the API response as expected ------
     estat_getStatsData(...) not identical to readRDS("result_getStatsData.rds").
     Objects equal but not identical
    
     == testthat results ===========================================================
     [ OK: 22 | SKIPPED: 12 | WARNINGS: 7 | FAILED: 1 ]
     1. Failure: estat_getStatsData processes the API response as expected
    
     Error: testthat unit tests failed
     Execution halted
Flavor: r-oldrel-windows-ix86+x86_64