CRAN Package Check Results for Package estatapi

Last updated on 2022-06-25 01:48:59 CEST.

Flavor Version Tinstall Tcheck Ttotal Status Flags
r-devel-linux-x86_64-debian-clang 0.4.0 2.51 31.20 33.71 NOTE
r-devel-linux-x86_64-debian-gcc 0.4.0 2.51 24.48 26.99 NOTE
r-devel-linux-x86_64-fedora-clang 0.4.0 51.95 NOTE
r-devel-linux-x86_64-fedora-gcc 0.4.0 51.26 NOTE
r-devel-windows-x86_64 0.4.0 20.00 56.00 76.00 NOTE
r-patched-linux-x86_64 0.4.0 3.25 30.17 33.42 NOTE
r-release-linux-x86_64 0.4.0 3.11 29.81 32.92 NOTE
r-release-macos-arm64 0.4.0 17.00 NOTE
r-release-macos-x86_64 0.4.0 31.00 NOTE
r-release-windows-x86_64 0.4.0 21.00 53.00 74.00 NOTE
r-oldrel-macos-arm64 0.4.0 24.00 NOTE
r-oldrel-macos-x86_64 0.4.0 28.00 NOTE
r-oldrel-windows-ix86+x86_64 0.4.0 7.00 44.00 51.00 NOTE

Check Details

Version: 0.4.0
Check: LazyData
Result: NOTE
     'LazyData' is specified without a 'data' directory
Flavors: r-devel-linux-x86_64-debian-clang, r-devel-linux-x86_64-debian-gcc, r-devel-linux-x86_64-fedora-clang, r-devel-linux-x86_64-fedora-gcc, r-devel-windows-x86_64, r-patched-linux-x86_64, r-release-linux-x86_64, r-release-macos-arm64, r-release-macos-x86_64, r-release-windows-x86_64, r-oldrel-macos-arm64, r-oldrel-macos-x86_64, r-oldrel-windows-ix86+x86_64