Last updated on 2023-01-28 01:50:08 CET.
Flavor | Version | Tinstall | Tcheck | Ttotal | Status | Flags |
---|---|---|---|---|---|---|
r-devel-linux-x86_64-debian-clang | 1.0.0 | 5.74 | 46.61 | 52.35 | NOTE | |
r-devel-linux-x86_64-debian-gcc | 1.0.0 | 4.23 | 34.70 | 38.93 | NOTE | |
r-devel-linux-x86_64-fedora-clang | 1.0.0 | 64.60 | NOTE | |||
r-devel-linux-x86_64-fedora-gcc | 1.0.0 | 60.98 | NOTE | |||
r-devel-windows-x86_64 | 1.0.0 | 10.00 | 67.00 | 77.00 | NOTE | |
r-patched-linux-x86_64 | 1.0.0 | 5.43 | 45.88 | 51.31 | NOTE | |
r-release-linux-x86_64 | 1.0.0 | 5.17 | 47.04 | 52.21 | NOTE | |
r-release-macos-arm64 | 1.0.0 | 21.00 | NOTE | |||
r-release-macos-x86_64 | 1.0.0 | 39.00 | NOTE | |||
r-release-windows-x86_64 | 1.0.0 | 12.00 | 70.00 | 82.00 | NOTE | |
r-oldrel-macos-arm64 | 1.0.0 | 26.00 | NOTE | |||
r-oldrel-macos-x86_64 | 1.0.0 | 33.00 | NOTE | |||
r-oldrel-windows-ix86+x86_64 | 1.0.0 | 13.00 | 65.00 | 78.00 | NOTE |
Version: 1.0.0
Check: LazyData
Result: NOTE
'LazyData' is specified without a 'data' directory
Flavors: r-devel-linux-x86_64-debian-clang, r-devel-linux-x86_64-debian-gcc, r-devel-linux-x86_64-fedora-clang, r-devel-linux-x86_64-fedora-gcc, r-devel-windows-x86_64, r-patched-linux-x86_64, r-release-linux-x86_64, r-release-macos-arm64, r-release-macos-x86_64, r-release-windows-x86_64, r-oldrel-macos-arm64, r-oldrel-macos-x86_64, r-oldrel-windows-ix86+x86_64