CRAN Package Check Results for Package ethnobotanyR

Last updated on 2019-10-15 01:50:18 CEST.

Flavor Version Tinstall Tcheck Ttotal Status Flags
r-devel-linux-x86_64-debian-clang 0.1.6 4.81 55.81 60.62 OK
r-devel-linux-x86_64-debian-gcc 0.1.6 3.68 42.75 46.43 OK
r-devel-linux-x86_64-fedora-clang 0.1.6 73.60 OK
r-devel-linux-x86_64-fedora-gcc 0.1.6 70.52 OK
r-devel-windows-ix86+x86_64 0.1.6 23.00 118.00 141.00 OK
r-patched-linux-x86_64 0.1.6 5.11 52.16 57.27 OK
r-patched-solaris-x86 0.1.6 92.90 OK
r-release-linux-x86_64 0.1.6 4.79 53.64 58.43 OK
r-release-windows-ix86+x86_64 0.1.6 19.00 106.00 125.00 OK
r-release-osx-x86_64 0.1.6 OK
r-oldrel-windows-ix86+x86_64 0.1.5 8.00 77.00 85.00 OK
r-oldrel-osx-x86_64 0.1.6 ERROR

Check Details

Version: 0.1.6
Check: whether package can be installed
Result: ERROR
    Installation failed.
Flavor: r-oldrel-osx-x86_64