CRAN Package Check Results for Package etl

Last updated on 2020-10-01 01:48:38 CEST.

Flavor Version Tinstall Tcheck Ttotal Status Flags
r-devel-linux-x86_64-debian-clang 0.3.9 4.18 61.07 65.25 OK
r-devel-linux-x86_64-debian-gcc 0.3.9 3.65 46.31 49.96 OK
r-devel-linux-x86_64-fedora-clang 0.3.9 96.97 NOTE
r-devel-linux-x86_64-fedora-gcc 0.3.9 94.98 NOTE
r-devel-windows-ix86+x86_64 0.3.9 10.00 90.00 100.00 OK
r-patched-linux-x86_64 0.3.9 4.55 56.76 61.31 OK
r-patched-solaris-x86 0.3.9 110.80 NOTE
r-release-linux-x86_64 0.3.9 4.27 56.96 61.23 OK
r-release-macos-x86_64 0.3.9 NOTE
r-release-windows-ix86+x86_64 0.3.9 10.00 96.00 106.00 OK
r-oldrel-macos-x86_64 0.3.9 NOTE
r-oldrel-windows-ix86+x86_64 0.3.9 8.00 96.00 104.00 OK

Check Details

Version: 0.3.9
Check: dependencies in R code
Result: NOTE
    Namespace in Imports field not imported from: ‘stringr’
     All declared Imports should be used.
Flavors: r-devel-linux-x86_64-fedora-clang, r-devel-linux-x86_64-fedora-gcc, r-patched-solaris-x86, r-release-macos-x86_64, r-oldrel-macos-x86_64